{"id":847,"date":"2022-04-05T12:48:11","date_gmt":"2022-04-05T10:48:11","guid":{"rendered":"https:\/\/sciphylab.de\/dev-wp-2\/?page_id=847"},"modified":"2022-05-10T23:15:50","modified_gmt":"2022-05-10T21:15:50","slug":"lernzirkel-to-go","status":"publish","type":"page","link":"https:\/\/sciphylab.de\/dev-wp-2\/schuelerlabor\/lernzirkel-to-go\/","title":{"rendered":"Lernzirkel to go"},"content":{"rendered":"\n<p>Das Angebot des ToGo-Bereichs umfasst Materialien, die f\u00fcr Schulen, Sch\u00fclerinnen und Sch\u00fcler und Lehrkr\u00e4fte entwickelt, getestet und evaluiert worden sind. Wir bieten Unterrichtsmaterialien, Versuchsmaterialien und ganze Lernzirkel f\u00fcr den externen Gebrauch an. Dabei k\u00f6nnen Sie die Materialien kostenlos herunterladen. Schulen aus der St\u00e4dteregion Aachen k\u00f6nnen die Aufbauten \u00fcber die Bildungszugabe kostenfrei entleihen. <a href=\"http:\/\/www.sciphylab.de\/wp\/wp-content\/uploads\/2018\/12\/flexkombig.jpg\"><\/a> Erkunden Sie die Seiten des ToGo-Bereichs und lernen Sie die vielf\u00e4ltigen Angebote kennen.<\/p>\n\n\n\n<div class=\"wp-block-cover alignfull\" style=\"min-height:400px\"><span aria-hidden=\"true\" class=\"has-nv-text-dark-bg-background-color has-background-dim-100 wp-block-cover__gradient-background has-background-dim\"><\/span><div class=\"wp-block-cover__inner-container is-layout-flow wp-block-cover-is-layout-flow\">\n<div class=\"wp-block-group is-layout-flow wp-block-group-is-layout-flow\"><div class=\"wp-block-group__inner-container\">\n<div style=\"height:40px\" aria-hidden=\"true\" class=\"wp-block-spacer\"><\/div>\n\n\n\n<div class=\"wp-block-columns are-vertically-aligned-center is-layout-flex wp-container-core-columns-layout-1 wp-block-columns-is-layout-flex\">\n<div class=\"wp-block-column is-vertically-aligned-center is-layout-flow wp-block-column-is-layout-flow\" style=\"flex-basis:70%\">\n<h3 class=\"has-text-align-left has-neve-text-color-color has-text-color wp-block-heading\">Camera Obscura<\/h3>\n\n\n\n<p class=\"has-text-align-left has-neve-text-color-color has-text-color\" style=\"font-size:17px\"><em><em>Abbildungen in der Camera obscura selbst, aber auch Farbfilter, Spiegel oder die Wirkung von optischen Linsen werden von den Kindern eigenst\u00e4ndig untersucht<\/em><\/em>.<\/p>\n\n\n\n<p class=\"has-neve-text-color-color has-text-color\">Geeignet f\u00fcr&nbsp;4. bis 7. Klasse<\/p>\n\n\n\n<div class=\"wp-block-buttons is-content-justification-left is-layout-flex wp-container-core-buttons-layout-1 wp-block-buttons-is-layout-flex\">\n<div class=\"wp-block-button is-style-secondary\"><a class=\"wp-block-button__link has-nv-c-2-background-color has-background\" href=\"https:\/\/sciphylab.de\/dev-wp-2\/schuelerlabor\/lernzirkel-to-go\/camera-obscura\/\">Weitere Informationen<\/a><\/div>\n<\/div>\n\n\n\n<div style=\"height:20px\" aria-hidden=\"true\" class=\"wp-block-spacer\"><\/div>\n<\/div>\n\n\n\n<div class=\"wp-block-column is-vertically-aligned-center is-layout-flow wp-block-column-is-layout-flow\" style=\"flex-basis:30%\">\n<figure class=\"wp-block-image size-full is-resized\"><img loading=\"lazy\" decoding=\"async\" src=\"https:\/\/sciphylab.de\/dev-wp-2\/wp-content\/uploads\/2022\/04\/kamera_obscura-edited.jpg\" alt=\"\" class=\"wp-image-361\" width=\"400\" height=\"400\" srcset=\"https:\/\/sciphylab.de\/dev-wp-2\/wp-content\/uploads\/2022\/04\/kamera_obscura-edited.jpg 1106w, https:\/\/sciphylab.de\/dev-wp-2\/wp-content\/uploads\/2022\/04\/kamera_obscura-edited-300x300.jpg 300w, https:\/\/sciphylab.de\/dev-wp-2\/wp-content\/uploads\/2022\/04\/kamera_obscura-edited-1024x1024.jpg 1024w, https:\/\/sciphylab.de\/dev-wp-2\/wp-content\/uploads\/2022\/04\/kamera_obscura-edited-150x150.jpg 150w, https:\/\/sciphylab.de\/dev-wp-2\/wp-content\/uploads\/2022\/04\/kamera_obscura-edited-768x769.jpg 768w\" sizes=\"(max-width: 400px) 100vw, 400px\" \/><\/figure>\n<\/div>\n<\/div>\n\n\n\n<div style=\"height:20px\" aria-hidden=\"true\" class=\"wp-block-spacer\"><\/div>\n<\/div><\/div>\n<\/div><\/div>\n\n\n\n<div class=\"wp-block-cover alignfull\" style=\"min-height:400px\"><span aria-hidden=\"true\" class=\"has-nv-text-dark-bg-background-color has-background-dim-100 wp-block-cover__gradient-background has-background-dim\"><\/span><div class=\"wp-block-cover__inner-container is-layout-flow wp-block-cover-is-layout-flow\">\n<div class=\"wp-block-group is-layout-flow wp-block-group-is-layout-flow\"><div class=\"wp-block-group__inner-container\">\n<div style=\"height:40px\" aria-hidden=\"true\" class=\"wp-block-spacer\"><\/div>\n\n\n\n<div class=\"wp-block-columns are-vertically-aligned-center is-layout-flex wp-container-core-columns-layout-2 wp-block-columns-is-layout-flex\">\n<div class=\"wp-block-column is-vertically-aligned-center is-layout-flow wp-block-column-is-layout-flow\" style=\"flex-basis:70%\">\n<h3 class=\"has-text-align-left has-neve-text-color-color has-text-color wp-block-heading\">Handy XXL<\/h3>\n\n\n\n<p class=\"has-text-align-left has-neve-text-color-color has-text-color\" style=\"font-size:17px\"><em><em><em>Anhand eines XXL-Modells eines Smartphones werden Motoren, Lampen oder Ventilatoren mithilfe eines handels\u00fcblichen Handyakkus betrieben.<\/em><\/em><\/em><\/p>\n\n\n\n<p class=\"has-neve-text-color-color has-text-color\">Geeignet f\u00fcr&nbsp;6. bis 10. Klasse<\/p>\n\n\n\n<div class=\"wp-block-buttons is-content-justification-left is-layout-flex wp-container-core-buttons-layout-2 wp-block-buttons-is-layout-flex\">\n<div class=\"wp-block-button is-style-secondary\"><a class=\"wp-block-button__link has-nv-c-2-background-color has-background\" href=\"https:\/\/sciphylab.de\/dev-wp-2\/schuelerlabor\/lernzirkel-to-go\/handy-xxl\/\">Weitere Informationen<\/a><\/div>\n<\/div>\n\n\n\n<div style=\"height:20px\" aria-hidden=\"true\" class=\"wp-block-spacer\"><\/div>\n<\/div>\n\n\n\n<div class=\"wp-block-column is-vertically-aligned-center is-layout-flow wp-block-column-is-layout-flow\" style=\"flex-basis:30%\">\n<figure class=\"wp-block-image size-large\"><img loading=\"lazy\" decoding=\"async\" width=\"713\" height=\"712\" src=\"https:\/\/sciphylab.de\/dev-wp-2\/wp-content\/uploads\/2022\/05\/phyphox-edited.jpg\" alt=\"\" class=\"wp-image-2420\" srcset=\"https:\/\/sciphylab.de\/dev-wp-2\/wp-content\/uploads\/2022\/05\/phyphox-edited.jpg 713w, https:\/\/sciphylab.de\/dev-wp-2\/wp-content\/uploads\/2022\/05\/phyphox-edited-300x300.jpg 300w, https:\/\/sciphylab.de\/dev-wp-2\/wp-content\/uploads\/2022\/05\/phyphox-edited-150x150.jpg 150w\" sizes=\"(max-width: 713px) 100vw, 713px\" \/><\/figure>\n<\/div>\n<\/div>\n\n\n\n<div style=\"height:20px\" aria-hidden=\"true\" class=\"wp-block-spacer\"><\/div>\n<\/div><\/div>\n<\/div><\/div>\n\n\n\n<div class=\"wp-block-cover alignfull\" style=\"min-height:400px\"><span aria-hidden=\"true\" class=\"wp-block-cover__background has-nv-light-bg-background-color has-background-dim-100 has-background-dim\"><\/span><div class=\"wp-block-cover__inner-container is-layout-flow wp-block-cover-is-layout-flow\">\n<div class=\"wp-block-group is-layout-flow wp-block-group-is-layout-flow\"><div class=\"wp-block-group__inner-container\">\n<div class=\"wp-block-columns is-layout-flex wp-container-core-columns-layout-3 wp-block-columns-is-layout-flex\">\n<div class=\"wp-block-column is-vertically-aligned-center is-layout-flow wp-block-column-is-layout-flow\" style=\"flex-basis:60%\">\n<h2 class=\"wp-block-heading has-text-align-left has-neve-text-color-color has-text-color\">Kontakt<\/h2>\n\n\n\n<h3 class=\"wp-block-heading has-text-align-left has-neve-text-color-color has-text-color\">Dr. Christian Salinga<\/h3>\n\n\n\n<p class=\"has-neve-text-color-color has-text-color\">RWTH Aachen<br>Physikzentrum <br>Sommerfeldstra\u00dfe 14 <br>52074 Aachen<br>Tel: +49 (0) 241 80 20313<br>E-Mail:&nbsp;<a href=\"mailto:schuelerlabor@physik.rwth-aachen.de\"><\/a><a href=\"mailto:schuelerlabor@physik.rwth-aachen.de\"><\/a><a href=\"mailto:schuelerlabor@physik.rwth-aachen.de\"><\/a><a href=\"mailto:goertz@physik.rwth-aachen.de\"><\/a><a href=\"mailto:salinga@physik.rwth-aachen.de\">salinga@physik.rwth-aachen.de<\/a><\/p>\n\n\n\n<div class=\"wp-block-buttons is-layout-flex wp-block-buttons-is-layout-flex\">\n<div class=\"wp-block-button\"><a class=\"wp-block-button__link has-nv-c-2-background-color has-background wp-element-button\" href=\"https:\/\/sciphylab.de\/dev-wp-2\/schuelerlabor\/physikalisches-praktikum\/\">Experimentieren auf eigene Faust<\/a><\/div>\n\n\n\n<div class=\"wp-block-button is-style-primary\"><a class=\"wp-block-button__link has-nv-text-dark-bg-color has-nv-c-2-background-color has-text-color has-background wp-element-button\" href=\"https:\/\/sciphylab.de\/dev-wp-2\/schuelerlabor\/lernzirkel-to-go\/\">Lernzirkel to go<\/a><\/div>\n\n\n\n<div class=\"wp-block-button is-style-default\"><a class=\"wp-block-button__link wp-element-button\" href=\"https:\/\/sciphylab.de\/dev-wp-2\/kontakt\/anfahrt\/\">Anfahrt<\/a><\/div>\n<\/div>\n<\/div>\n\n\n\n<div class=\"wp-block-column is-vertically-aligned-bottom is-layout-flow wp-block-column-is-layout-flow\" style=\"flex-basis:40%\"><div class=\"wp-block-image is-style-default\">\n<figure class=\"aligncenter size-full\"><img loading=\"lazy\" decoding=\"async\" width=\"217\" height=\"290\" src=\"https:\/\/sciphylab.de\/dev-wp-2\/wp-content\/uploads\/2022\/04\/ChristianSalinga-edited.jpg\" alt=\"\" class=\"wp-image-416\"\/><\/figure><\/div><\/div>\n<\/div>\n<\/div><\/div>\n<\/div><\/div>\n","protected":false},"excerpt":{"rendered":"<p>Das Angebot des ToGo-Bereichs umfasst Materialien, die f\u00fcr Schulen, Sch\u00fclerinnen und Sch\u00fcler und Lehrkr\u00e4fte entwickelt, getestet und evaluiert worden sind. Wir bieten Unterrichtsmaterialien, Versuchsmaterialien und ganze Lernzirkel f\u00fcr den externen Gebrauch an. Dabei k\u00f6nnen Sie die Materialien kostenlos herunterladen. Schulen aus der St\u00e4dteregion Aachen k\u00f6nnen die Aufbauten \u00fcber die Bildungszugabe kostenfrei entleihen. Erkunden Sie die&hellip;&nbsp;<a href=\"https:\/\/sciphylab.de\/dev-wp-2\/schuelerlabor\/lernzirkel-to-go\/\" class=\"\" rel=\"bookmark\">Weiterlesen &raquo;<span class=\"screen-reader-text\">Lernzirkel to go<\/span><\/a><\/p>\n","protected":false},"author":4,"featured_media":1480,"parent":68,"menu_order":0,"comment_status":"closed","ping_status":"closed","template":"","meta":{"neve_meta_sidebar":"","neve_meta_container":"","neve_meta_enable_content_width":"on","neve_meta_content_width":100,"neve_meta_title_alignment":"","neve_meta_author_avatar":"","neve_post_elements_order":"","neve_meta_disable_header":"","neve_meta_disable_footer":"","neve_meta_disable_title":"","footnotes":""},"_links":{"self":[{"href":"https:\/\/sciphylab.de\/dev-wp-2\/wp-json\/wp\/v2\/pages\/847"}],"collection":[{"href":"https:\/\/sciphylab.de\/dev-wp-2\/wp-json\/wp\/v2\/pages"}],"about":[{"href":"https:\/\/sciphylab.de\/dev-wp-2\/wp-json\/wp\/v2\/types\/page"}],"author":[{"embeddable":true,"href":"https:\/\/sciphylab.de\/dev-wp-2\/wp-json\/wp\/v2\/users\/4"}],"replies":[{"embeddable":true,"href":"https:\/\/sciphylab.de\/dev-wp-2\/wp-json\/wp\/v2\/comments?post=847"}],"version-history":[{"count":15,"href":"https:\/\/sciphylab.de\/dev-wp-2\/wp-json\/wp\/v2\/pages\/847\/revisions"}],"predecessor-version":[{"id":2440,"href":"https:\/\/sciphylab.de\/dev-wp-2\/wp-json\/wp\/v2\/pages\/847\/revisions\/2440"}],"up":[{"embeddable":true,"href":"https:\/\/sciphylab.de\/dev-wp-2\/wp-json\/wp\/v2\/pages\/68"}],"wp:featuredmedia":[{"embeddable":true,"href":"https:\/\/sciphylab.de\/dev-wp-2\/wp-json\/wp\/v2\/media\/1480"}],"wp:attachment":[{"href":"https:\/\/sciphylab.de\/dev-wp-2\/wp-json\/wp\/v2\/media?parent=847"}],"curies":[{"name":"wp","href":"https:\/\/api.w.org\/{rel}","templated":true}]}}