{"id":723,"date":"2022-04-04T20:29:35","date_gmt":"2022-04-04T18:29:35","guid":{"rendered":"https:\/\/sciphylab.de\/dev-wp-2\/?page_id=723"},"modified":"2022-05-12T17:57:03","modified_gmt":"2022-05-12T15:57:03","slug":"flexcape-game","status":"publish","type":"page","link":"https:\/\/sciphylab.de\/dev-wp-2\/flexkom\/flexcape-game\/","title":{"rendered":"FLexcape Game"},"content":{"rendered":"\n<p>Beim FLexcape Game steigen die Sch\u00fclerinnen und Sch\u00fcler in eine fiktive Geschichte ein und l\u00f6sen einzelne R\u00e4tsel auf Basis der FLexKom-Module, in denen sie physikalische Aufgaben unter Anwendung experimenteller Kompetenzen bearbeiten. Dabei steht eine Auswahl aus insgesamt 4 verschiedene Storylines zur Verf\u00fcgung:<\/p>\n\n\n\n<ul><li>Bares f\u00fcr wahres Experimentieren<\/li><li>Gegengift<\/li><li>Die drei ??? und der r\u00e4tselhafte Koffer<\/li><li>Forschungsgelder<\/li><\/ul>\n\n\n\n<p>Konzipiert ist das Flexcape Game f\u00fcr maximal 30 SuS ab der Klassenstufe 7. Die Zeit ist individuell durch die Spielleitung bzw. die Lehrkraft w\u00e4hl- und einstellbar und wird die gesamte Spieldauer auf dem Display des eigens entwickelten Geldkoffer (s. weiter unten) angezeigt.<\/p>\n\n\n\n<div class=\"wp-block-image\"><figure class=\"aligncenter size-large is-resized\"><img loading=\"lazy\" decoding=\"async\" src=\"https:\/\/sciphylab.de\/dev-wp-2\/wp-content\/uploads\/2022\/05\/ablauf_FLexcape-1024x520.png\" alt=\"\" class=\"wp-image-2218\" width=\"768\" height=\"390\" srcset=\"https:\/\/sciphylab.de\/dev-wp-2\/wp-content\/uploads\/2022\/05\/ablauf_FLexcape-1024x520.png 1024w, https:\/\/sciphylab.de\/dev-wp-2\/wp-content\/uploads\/2022\/05\/ablauf_FLexcape-300x152.png 300w, https:\/\/sciphylab.de\/dev-wp-2\/wp-content\/uploads\/2022\/05\/ablauf_FLexcape-768x390.png 768w, https:\/\/sciphylab.de\/dev-wp-2\/wp-content\/uploads\/2022\/05\/ablauf_FLexcape-1536x781.png 1536w, https:\/\/sciphylab.de\/dev-wp-2\/wp-content\/uploads\/2022\/05\/ablauf_FLexcape.png 1763w\" sizes=\"(max-width: 768px) 100vw, 768px\" \/><figcaption>Schematischer Ablauf des FLexcape Games<\/figcaption><\/figure><\/div>\n\n\n\n<p>Nach der Einf\u00fchrung in die Storyline und der Erkl\u00e4rung des Spielablaufs bearbeiten die Sch\u00fclerinnen und Sch\u00fcler&nbsp;(empfohlenerweise in 3er Gruppen) zwei R\u00e4tsel, wobei die Zeit f\u00fcr diese vorher festgelegt und kommuniziert werden muss. Die beiden Gruppen, die jeweils die gleichen R\u00e4tsel bearbeitet haben, erarbeiten sich mit den Ergebnissen der Station Codes, mit denen die Schl\u00f6sser f\u00fcr ein weiteres R\u00e4tsel ge\u00f6ffnet werden k\u00f6nnen. Dieses Abschlussr\u00e4tsel ist die Grundlage f\u00fcr den finale L\u00f6sungscode. F\u00fcr die finale Spielphase wurde ein Geldkoffer f\u00fcr das FLexcape Game entwickelt. Durch L\u00f6sen der gestellten Aufgaben im Abschlussr\u00e4stel gelangen die Teilnehmenden der Lerngruppe an Informationen, mit denen sie gemeinsam im Verbund den Geldkoffer knacken k\u00f6nnen. Haben sie den Draht mit der richtigen Farbe herausgefunden, l\u00e4sst sich der Koffer \u00f6ffnen und die Lernenden erhalten ihre verdiente Belohnung bzw. eine Urkunde. Je nach Lerngruppe kann der Koffer beliebig&nbsp;gef\u00fcllt werden.<\/p>\n\n\n\n<div class=\"wp-block-image\"><figure class=\"aligncenter size-full is-resized\"><img loading=\"lazy\" decoding=\"async\" src=\"https:\/\/sciphylab.de\/dev-wp-2\/wp-content\/uploads\/2022\/04\/Koffer_neu.png\" alt=\"\" class=\"wp-image-988\" width=\"411\" height=\"286\" srcset=\"https:\/\/sciphylab.de\/dev-wp-2\/wp-content\/uploads\/2022\/04\/Koffer_neu.png 821w, https:\/\/sciphylab.de\/dev-wp-2\/wp-content\/uploads\/2022\/04\/Koffer_neu-300x209.png 300w, https:\/\/sciphylab.de\/dev-wp-2\/wp-content\/uploads\/2022\/04\/Koffer_neu-768x535.png 768w\" sizes=\"(max-width: 411px) 100vw, 411px\" \/><figcaption>Geldkoffer f\u00fcr die finale Spielphase<\/figcaption><\/figure><\/div>\n\n\n\n<p>Mit dem FLexcape Game sollen experimentelle Kompetenzen und insbesondere auch der wissenschaftliche Austausch auf eine spielerische Weise gef\u00f6rdert werden, was eine Abwechslung zum Unterrichtsalltag darstellt und sich auch als besondere Stunde vor den Ferien anbietet.<\/p>\n\n\n\n<p>Bei Interesse an der Ausleihe der Materialien zur Durchf\u00fchrung des FLexcape Games an Ihrer Schule bzw. in Ihrer Klasse oder offenen Fragen wenden Sie sich bitte an den angegebenen Kontakt. \u00dcber den Button Download k\u00f6nnen die Storylines, die Materialien zu den R\u00e4stelstationen sowie die&nbsp;Codierungsfolien heruntergeladen werden.&nbsp;<\/p>\n\n\n\n<div class=\"wp-block-buttons is-layout-flex wp-block-buttons-is-layout-flex\">\n<div class=\"wp-block-button is-style-default\"><a class=\"wp-block-button__link\">Material herunterladen<\/a><\/div>\n<\/div>\n\n\n\n<p><em><strong>Der Download der Materialien des FLexcape Games ist zurzeit noch nicht m\u00f6glich.<\/strong><\/em><\/p>\n\n\n\n<div style=\"height:100px\" aria-hidden=\"true\" class=\"wp-block-spacer\"><\/div>\n\n\n\n<div class=\"wp-block-cover alignfull\" style=\"min-height:400px\"><span aria-hidden=\"true\" class=\"wp-block-cover__background has-nv-light-bg-background-color has-background-dim-100 has-background-dim\"><\/span><div class=\"wp-block-cover__inner-container is-layout-flow wp-block-cover-is-layout-flow\">\n<div class=\"wp-block-group is-layout-flow wp-block-group-is-layout-flow\"><div class=\"wp-block-group__inner-container\">\n<div class=\"wp-block-columns is-layout-flex wp-container-core-columns-layout-1 wp-block-columns-is-layout-flex\">\n<div class=\"wp-block-column is-vertically-aligned-center is-layout-flow wp-block-column-is-layout-flow\" style=\"flex-basis:60%\">\n<h2 class=\"wp-block-heading has-text-align-left has-neve-text-color-color has-text-color\">Kontakt FLexKom<\/h2>\n\n\n\n<h3 class=\"wp-block-heading has-text-align-left has-neve-text-color-color has-text-color\">Tobias Winkens<\/h3>\n\n\n\n<p class=\"has-neve-text-color-color has-text-color\">RWTH Aachen<br>Physikzentrum <br>Raum: 26C106<br>Sommerfeldstra\u00dfe 14 <br>52074 Aachen<br>Tel: +49 (0) 241 80 27226<br>E-Mail:&nbsp;<a href=\"mailto:schuelerlabor@physik.rwth-aachen.de\"><\/a><a href=\"mailto:schuelerlabor@physik.rwth-aachen.de\"><\/a><a href=\"mailto:schuelerlabor@physik.rwth-aachen.de\"><\/a><a href=\"mailto:winkens@physik.rwth-aachen.de\">winkens@physik.rwth-aachen.de<\/a><\/p>\n\n\n\n<div class=\"wp-block-buttons is-layout-flex wp-block-buttons-is-layout-flex\">\n<div class=\"wp-block-button is-style-primary\"><a class=\"wp-block-button__link wp-element-button\" href=\"https:\/\/sciphylab.de\/dev-wp-2\/flexkom\/\">Plattform FLexKom<\/a><\/div>\n\n\n\n<div class=\"wp-block-button is-style-default\"><a class=\"wp-block-button__link wp-element-button\" href=\"https:\/\/sciphylab.de\/dev-wp-2\/anfahrt\/\">Anfahrt<\/a><\/div>\n<\/div>\n<\/div>\n\n\n\n<div class=\"wp-block-column is-vertically-aligned-bottom is-layout-flow wp-block-column-is-layout-flow\" style=\"flex-basis:40%\"><div class=\"wp-block-image is-style-default\">\n<figure class=\"aligncenter size-full is-resized\"><img loading=\"lazy\" decoding=\"async\" width=\"1680\" height=\"2235\" src=\"https:\/\/sciphylab.de\/dev-wp-2\/wp-content\/uploads\/2022\/05\/TobiasWinkens.jpg\" alt=\"\" class=\"wp-image-1767\" style=\"width:240px;height:320px\" srcset=\"https:\/\/sciphylab.de\/dev-wp-2\/wp-content\/uploads\/2022\/05\/TobiasWinkens.jpg 1680w, https:\/\/sciphylab.de\/dev-wp-2\/wp-content\/uploads\/2022\/05\/TobiasWinkens-226x300.jpg 226w, https:\/\/sciphylab.de\/dev-wp-2\/wp-content\/uploads\/2022\/05\/TobiasWinkens-770x1024.jpg 770w, https:\/\/sciphylab.de\/dev-wp-2\/wp-content\/uploads\/2022\/05\/TobiasWinkens-768x1022.jpg 768w, https:\/\/sciphylab.de\/dev-wp-2\/wp-content\/uploads\/2022\/05\/TobiasWinkens-1155x1536.jpg 1155w, https:\/\/sciphylab.de\/dev-wp-2\/wp-content\/uploads\/2022\/05\/TobiasWinkens-1539x2048.jpg 1539w\" sizes=\"(max-width: 1680px) 100vw, 1680px\" \/><\/figure><\/div><\/div>\n<\/div>\n<\/div><\/div>\n<\/div><\/div>\n","protected":false},"excerpt":{"rendered":"<p>Beim FLexcape Game steigen die Sch\u00fclerinnen und Sch\u00fcler in eine fiktive Geschichte ein und l\u00f6sen einzelne R\u00e4tsel auf Basis der FLexKom-Module, in denen sie physikalische Aufgaben unter Anwendung experimenteller Kompetenzen bearbeiten. Dabei steht eine Auswahl aus insgesamt 4 verschiedene Storylines zur Verf\u00fcgung: Bares f\u00fcr wahres Experimentieren Gegengift Die drei ??? und der r\u00e4tselhafte Koffer Forschungsgelder&hellip;&nbsp;<a href=\"https:\/\/sciphylab.de\/dev-wp-2\/flexkom\/flexcape-game\/\" class=\"\" rel=\"bookmark\">Weiterlesen &raquo;<span class=\"screen-reader-text\">FLexcape Game<\/span><\/a><\/p>\n","protected":false},"author":4,"featured_media":2580,"parent":69,"menu_order":0,"comment_status":"closed","ping_status":"closed","template":"","meta":{"neve_meta_sidebar":"","neve_meta_container":"","neve_meta_enable_content_width":"on","neve_meta_content_width":100,"neve_meta_title_alignment":"","neve_meta_author_avatar":"","neve_post_elements_order":"","neve_meta_disable_header":"","neve_meta_disable_footer":"","neve_meta_disable_title":"","footnotes":""},"_links":{"self":[{"href":"https:\/\/sciphylab.de\/dev-wp-2\/wp-json\/wp\/v2\/pages\/723"}],"collection":[{"href":"https:\/\/sciphylab.de\/dev-wp-2\/wp-json\/wp\/v2\/pages"}],"about":[{"href":"https:\/\/sciphylab.de\/dev-wp-2\/wp-json\/wp\/v2\/types\/page"}],"author":[{"embeddable":true,"href":"https:\/\/sciphylab.de\/dev-wp-2\/wp-json\/wp\/v2\/users\/4"}],"replies":[{"embeddable":true,"href":"https:\/\/sciphylab.de\/dev-wp-2\/wp-json\/wp\/v2\/comments?post=723"}],"version-history":[{"count":8,"href":"https:\/\/sciphylab.de\/dev-wp-2\/wp-json\/wp\/v2\/pages\/723\/revisions"}],"predecessor-version":[{"id":2669,"href":"https:\/\/sciphylab.de\/dev-wp-2\/wp-json\/wp\/v2\/pages\/723\/revisions\/2669"}],"up":[{"embeddable":true,"href":"https:\/\/sciphylab.de\/dev-wp-2\/wp-json\/wp\/v2\/pages\/69"}],"wp:featuredmedia":[{"embeddable":true,"href":"https:\/\/sciphylab.de\/dev-wp-2\/wp-json\/wp\/v2\/media\/2580"}],"wp:attachment":[{"href":"https:\/\/sciphylab.de\/dev-wp-2\/wp-json\/wp\/v2\/media?parent=723"}],"curies":[{"name":"wp","href":"https:\/\/api.w.org\/{rel}","templated":true}]}}