{"id":5582,"date":"2025-08-19T15:12:39","date_gmt":"2025-08-19T13:12:39","guid":{"rendered":"https:\/\/sciphylab.de\/dev-wp-2\/?page_id=5582"},"modified":"2026-01-29T08:51:54","modified_gmt":"2026-01-29T07:51:54","slug":"girls-year-am-04-02-2026","status":"publish","type":"page","link":"https:\/\/sciphylab.de\/dev-wp-2\/girls-year-am-04-02-2026\/","title":{"rendered":"Girls&#8216; Year am 04.02.2026"},"content":{"rendered":"\n<p>Wir freuen uns, dass ihr am Girls&#8216; Year teilnehmen wollt. An diesem Termin werden die hier aufgef\u00fchrten Kurse angeboten. Dabei handelt es sich um eine vorl\u00e4ufige Kursauswahl und nicht alle Kurse werden stattfinden oder es k\u00f6nnen neue kure dazukommen.<\/p>\n\n\n\n<figure class=\"wp-block-table\"><table><tbody><tr><td>Titel<\/td><td class=\"has-text-align-center\" data-align=\"center\">Jahrgangsstufe<\/td><td class=\"has-text-align-center\" data-align=\"center\">Zeit<\/td><td class=\"has-text-align-center\" data-align=\"center\">max. Pl\u00e4tze<\/td><\/tr><tr><td>Quiz-Buzzer, Herzen und leuchtende H\u00e4user- Programmieren mit dem Calliope mini<\/td><td class=\"has-text-align-center\" data-align=\"center\">5-6<\/td><td class=\"has-text-align-center\" data-align=\"center\">9-13 Uhr<\/td><td class=\"has-text-align-center\" data-align=\"center\">10<\/td><\/tr><tr><td>&nbsp;Partyspiel &#8222;hei\u00dfer Draht&#8220; selbstgemacht<\/td><td class=\"has-text-align-center\" data-align=\"center\">7-10<\/td><td class=\"has-text-align-center\" data-align=\"center\">9-15 Uhr<\/td><td class=\"has-text-align-center\" data-align=\"center\">10<\/td><\/tr><tr><td>&nbsp;Experimente mit Phyphox<\/td><td class=\"has-text-align-center\" data-align=\"center\">7-10<\/td><td class=\"has-text-align-center\" data-align=\"center\">9-15 Uhr<\/td><td class=\"has-text-align-center\" data-align=\"center\">10<\/td><\/tr><tr><td>&nbsp;Einblicke in die Nanowelt<\/td><td class=\"has-text-align-center\" data-align=\"center\">7-10<\/td><td class=\"has-text-align-center\" data-align=\"center\">9-15 Uhr<\/td><td class=\"has-text-align-center\" data-align=\"center\">15<\/td><\/tr><tr><td>Sonnenbeobachtung<\/td><td class=\"has-text-align-center\" data-align=\"center\">7-10<\/td><td class=\"has-text-align-center\" data-align=\"center\">9-15 Uhr<\/td><td class=\"has-text-align-center\" data-align=\"center\">6<\/td><\/tr><tr><td>Elektrotechnik \u2013 L\u00f6te deinen Schl\u00fcsselanh\u00e4nger<\/td><td class=\"has-text-align-center\" data-align=\"center\">7-10<\/td><td class=\"has-text-align-center\" data-align=\"center\">9-13 Uhr<\/td><td class=\"has-text-align-center\" data-align=\"center\">15<\/td><\/tr><\/tbody><\/table><figcaption class=\"wp-element-caption\">Der Anmeldeschluss ist der 28.01.2026.<\/figcaption><\/figure>\n\n\n\n<h2 class=\"wp-block-heading\">Beschreibung der Kurse<\/h2>\n\n\n\n<details class=\"wp-block-details is-layout-flow wp-block-details-is-layout-flow\"><summary><strong>Programmieren mit dem Calliope mini<\/strong><\/summary>\n<p>Der Calliope mini ist ein kleiner Computer in Sternenform, der mit bunten Bl\u00f6cken, die wie Puzzleteile ineinander passen, programmiert wird. Erst lernt ihr in diesem Modul den Calliope mini kennen und probiert seine Kn\u00f6pfe und Sensoren aus. Ihr meistert Herausforderungen wie das blinkende Herz, die Warnt\u00f6ne und die Regenbogen-LED. Noch mehr Informationen findet ihr hier: <a href=\"https:\/\/www.infosphere.rwth-aachen.de\/cms\/infosphere\/Angebote\/InfoSphere-Workshops\/~bhesck\/Workshop-Calliope\/\">https:\/\/www.infosphere.rwth-aachen.de\/cms\/infosphere\/Angebote\/InfoSphere-Workshops\/~bhesck\/Workshop-Calliope\/<\/a><\/p>\n<\/details>\n\n\n\n<details class=\"wp-block-details is-layout-flow wp-block-details-is-layout-flow\"><summary><strong>Partyspiel \u201ehei\u00dfer Draht\u201c<\/strong> <strong>selbermachen<\/strong> <\/summary>\n<p>Im Partyspiel \u201ehei\u00dfer Draht\u201c brauchst du ruhige H\u00e4nde, um einen Metallring von einer Seite des Drahts zur anderen zu bewegen, ohne den Draht zu ber\u00fchren. In diesem Workshop bastelst du deinen eigenen hei\u00dfen Draht und nimmst diesen mit nach Hause! Daf\u00fcr wirst du im Workshop unter anderem L\u00f6tkolben, S\u00e4ge, Zangen und weitere Werkzeuge angeleitet verwenden.<\/p>\n<\/details>\n\n\n\n<details class=\"wp-block-details is-layout-flow wp-block-details-is-layout-flow\"><summary><strong>Experimente mit Phyphox<\/strong><\/summary>\n<p>Spannende Experimente mithilfe deines Handys durchf\u00fcren und auswerten mit der an der RWTH Aachen entwickelten Software phyphox. Lerne was dein Handy alles kann im Experimenteworkshop phyphox.<\/p>\n<\/details>\n\n\n\n<details class=\"wp-block-details is-layout-flow wp-block-details-is-layout-flow\"><summary><strong>Einblicke in die Nanowelt<\/strong><\/summary>\n<p>Das Modul zum Thema Nanowelt bietet euch spannende Experimentierm\u00f6glichkeiten rund um das Thema kleiner und kleinster Gr\u00f6\u00dfenordnungen. Hier k\u00f6nnt ihr u.a. eine neue Sicht auf Seifenblasen bekommen, indem ihr die Dicke ihrer Haut bestimmt. Ihr lernt kennen, was sich Regenjacken von der Natur abschauen und bastelt euch einen eigenen Taschenw\u00e4rmer und erkundet das Funktionsprinzip hinter diesem. <\/p>\n<\/details>\n\n\n\n<details class=\"wp-block-details is-layout-flow wp-block-details-is-layout-flow\"><summary><strong>Sonnenbeobachtung<\/strong><\/summary>\n<p>Mit Experimenten zum Sonnenspektrum, Aufnahmen der Sonne und der Sonnenflecke, lernt ihr unsere Sonne n\u00e4her kennen und bekommt ihr einen Einblick in die Astronomie. <\/p>\n<\/details>\n\n\n\n<h2 class=\"wp-block-heading\">Anmeldungen<\/h2>\n\n\n\n<p>Leider ist die Anmeldephase vorbei. Der n\u00e4chste Termin ist der 02.07. und der regul\u00e4re Girls Day ist am 23.04.<\/p>\n","protected":false},"excerpt":{"rendered":"<p>Wir freuen uns, dass ihr am Girls&#8216; Year teilnehmen wollt. An diesem Termin werden die hier aufgef\u00fchrten Kurse angeboten. Dabei handelt es sich um eine vorl\u00e4ufige Kursauswahl und nicht alle Kurse werden stattfinden oder es k\u00f6nnen neue kure dazukommen. Titel Jahrgangsstufe Zeit max. Pl\u00e4tze Quiz-Buzzer, Herzen und leuchtende H\u00e4user- Programmieren mit dem Calliope mini 5-6&hellip;&nbsp;<a href=\"https:\/\/sciphylab.de\/dev-wp-2\/girls-year-am-04-02-2026\/\" class=\"\" rel=\"bookmark\">Weiterlesen &raquo;<span class=\"screen-reader-text\">Girls&#8216; Year am 04.02.2026<\/span><\/a><\/p>\n","protected":false},"author":16,"featured_media":0,"parent":0,"menu_order":0,"comment_status":"closed","ping_status":"closed","template":"","meta":{"neve_meta_sidebar":"","neve_meta_container":"","neve_meta_enable_content_width":"","neve_meta_content_width":0,"neve_meta_title_alignment":"","neve_meta_author_avatar":"","neve_post_elements_order":"","neve_meta_disable_header":"","neve_meta_disable_footer":"","neve_meta_disable_title":"","footnotes":""},"_links":{"self":[{"href":"https:\/\/sciphylab.de\/dev-wp-2\/wp-json\/wp\/v2\/pages\/5582"}],"collection":[{"href":"https:\/\/sciphylab.de\/dev-wp-2\/wp-json\/wp\/v2\/pages"}],"about":[{"href":"https:\/\/sciphylab.de\/dev-wp-2\/wp-json\/wp\/v2\/types\/page"}],"author":[{"embeddable":true,"href":"https:\/\/sciphylab.de\/dev-wp-2\/wp-json\/wp\/v2\/users\/16"}],"replies":[{"embeddable":true,"href":"https:\/\/sciphylab.de\/dev-wp-2\/wp-json\/wp\/v2\/comments?post=5582"}],"version-history":[{"count":13,"href":"https:\/\/sciphylab.de\/dev-wp-2\/wp-json\/wp\/v2\/pages\/5582\/revisions"}],"predecessor-version":[{"id":5855,"href":"https:\/\/sciphylab.de\/dev-wp-2\/wp-json\/wp\/v2\/pages\/5582\/revisions\/5855"}],"wp:attachment":[{"href":"https:\/\/sciphylab.de\/dev-wp-2\/wp-json\/wp\/v2\/media?parent=5582"}],"curies":[{"name":"wp","href":"https:\/\/api.w.org\/{rel}","templated":true}]}}