{"id":5387,"date":"2025-04-16T14:30:01","date_gmt":"2025-04-16T12:30:01","guid":{"rendered":"https:\/\/sciphylab.de\/dev-wp-2\/?page_id=5387"},"modified":"2026-03-31T12:20:05","modified_gmt":"2026-03-31T10:20:05","slug":"oecher-stem-tisch","status":"publish","type":"page","link":"https:\/\/sciphylab.de\/dev-wp-2\/oecher-stem-tisch\/","title":{"rendered":"\u00d6cher STEM-Tisch"},"content":{"rendered":"\n<div class=\"wp-block-columns is-layout-flex wp-container-core-columns-layout-1 wp-block-columns-is-layout-flex\">\n<div class=\"wp-block-column is-layout-flow wp-block-column-is-layout-flow\" style=\"flex-basis:220px\">\n<div class=\"wp-block-group is-layout-constrained wp-block-group-is-layout-constrained\"><div class=\"wp-block-group__inner-container\">\n<p class=\"has-neve-link-color-color has-text-color has-link-color wp-elements-5ad53c3a93316bad4f56570ed9e5257a\" style=\"font-size:28px\"><strong>S<\/strong>peech<br><strong>T<\/strong>est out<br><strong>E<\/strong>xchange <br><strong>M<\/strong>eet and Greet<\/p>\n<\/div><\/div>\n<\/div>\n\n\n\n<div class=\"wp-block-column is-layout-flow wp-block-column-is-layout-flow\"><div class=\"wp-block-image\">\n<figure class=\"aligncenter size-full is-resized\"><img loading=\"lazy\" decoding=\"async\" width=\"728\" height=\"733\" src=\"https:\/\/sciphylab.de\/dev-wp-2\/wp-content\/uploads\/2026\/01\/Logo_STEM-Tisch-1.png\" alt=\"\" class=\"wp-image-5863\" style=\"width:269px;height:auto\" srcset=\"https:\/\/sciphylab.de\/dev-wp-2\/wp-content\/uploads\/2026\/01\/Logo_STEM-Tisch-1.png 728w, https:\/\/sciphylab.de\/dev-wp-2\/wp-content\/uploads\/2026\/01\/Logo_STEM-Tisch-1-298x300.png 298w, https:\/\/sciphylab.de\/dev-wp-2\/wp-content\/uploads\/2026\/01\/Logo_STEM-Tisch-1-150x150.png 150w\" sizes=\"(max-width: 728px) 100vw, 728px\" \/><\/figure><\/div><\/div>\n\n\n\n<div class=\"wp-block-column is-layout-flow wp-block-column-is-layout-flow\" style=\"flex-basis:220px\">\n<div class=\"wp-block-group is-layout-constrained wp-block-group-is-layout-constrained\"><div class=\"wp-block-group__inner-container\">\n<p class=\"has-text-align-left has-neve-link-color-color has-text-color has-link-color wp-elements-e4b03da2e54b0f1897faa2dd82754c7c\" style=\"font-size:28px\"><strong>S<\/strong>cience          <strong>T<\/strong>echnology   <strong>E<\/strong>ngineering   <strong>M<\/strong>athematics<\/p>\n<\/div><\/div>\n<\/div>\n<\/div>\n\n\n\n<h3 class=\"wp-block-heading has-text-align-center has-neve-link-color-color has-text-color has-link-color wp-elements-a8235e107f60eccf215485eebb6c8a49\">N\u00e4chster Termin<\/h3>\n\n\n\n<p class=\"has-text-align-center has-medium-font-size\">Mittwoch, <strong>23.09.26<\/strong> von 16:30 &#8211; 18:00 Uhr<br>(danach Ende offen)<br><br>am Kaiser-Karls-Gymnasium Aachen<br><br><strong>Makerspace im Science-Unterricht<\/strong><\/p>\n\n\n\n<h3 class=\"wp-block-heading has-text-align-center has-neve-link-color-color has-text-color has-link-color wp-elements-8a1cb8a512ede82fd921d356bccde7ce\">\u00d6cher STEM-Tisch?<\/h3>\n\n\n\n<div class=\"wp-block-columns is-layout-flex wp-container-core-columns-layout-2 wp-block-columns-is-layout-flex\">\n<div class=\"wp-block-column is-layout-flow wp-block-column-is-layout-flow\" style=\"flex-basis:18%\">\n<p class=\"has-text-align-right has-neve-link-color-color has-text-color has-link-color has-large-font-size wp-elements-d7e10a4530d040d6ba12efe65a2eb67b\"><strong>Wer?<\/strong><\/p>\n<\/div>\n\n\n\n<div class=\"wp-block-column is-layout-flow wp-block-column-is-layout-flow\" style=\"flex-basis:1%\"><\/div>\n\n\n\n<div class=\"wp-block-column is-layout-flow wp-block-column-is-layout-flow\" style=\"flex-basis:80%\">\n<p class=\"has-medium-font-size\">MINT-Lehrkr\u00e4fte &amp; Akteur:innen der Hochschule<\/p>\n<\/div>\n<\/div>\n\n\n\n<div class=\"wp-block-columns is-layout-flex wp-container-core-columns-layout-3 wp-block-columns-is-layout-flex\">\n<div class=\"wp-block-column is-layout-flow wp-block-column-is-layout-flow\" style=\"flex-basis:18%\">\n<p class=\"has-text-align-right has-neve-link-color-color has-text-color has-link-color has-large-font-size wp-elements-f3ecd2820d0cd35b745ea4f96fd007d8\"><strong>Wann?<\/strong> <\/p>\n<\/div>\n\n\n\n<div class=\"wp-block-column is-layout-flow wp-block-column-is-layout-flow\" style=\"flex-basis:1%\"><\/div>\n\n\n\n<div class=\"wp-block-column is-layout-flow wp-block-column-is-layout-flow\" style=\"flex-basis:80%\">\n<p class=\"has-medium-font-size\"><strong>Kommende Termine:<\/strong><br>Mittwoch, <strong>23.09.26<\/strong><br>Donnerstag, <strong>26.11.26<\/strong> <\/p>\n<\/div>\n<\/div>\n\n\n\n<div class=\"wp-block-columns is-layout-flex wp-container-core-columns-layout-4 wp-block-columns-is-layout-flex\">\n<div class=\"wp-block-column is-layout-flow wp-block-column-is-layout-flow\" style=\"flex-basis:18%\">\n<p class=\"has-text-align-right has-neve-link-color-color has-text-color has-link-color has-large-font-size wp-elements-d36a42c1c47acea2b5f332c746ba784f\"><strong><strong>Was?<\/strong><\/strong> <\/p>\n<\/div>\n\n\n\n<div class=\"wp-block-column is-layout-flow wp-block-column-is-layout-flow\" style=\"flex-basis:1%\"><\/div>\n\n\n\n<div class=\"wp-block-column is-layout-flow wp-block-column-is-layout-flow\" style=\"flex-basis:80%\">\n<p class=\"has-medium-font-size\">Regelm\u00e4\u00dfiger, niederschwelliger Austausch von Lehrkr\u00e4ften untereinander und mit Akteur:innen der Hochschule zu:<\/p>\n\n\n\n<ul>\n<li class=\"has-medium-font-size\"><strong>Innovativen Medien im MINT-Unterricht<\/strong>, z. B. Smartphones und Tablets<\/li>\n\n\n\n<li class=\"has-medium-font-size\"><strong>Gamification &amp; Game-based Learning<\/strong><\/li>\n\n\n\n<li class=\"has-medium-font-size\">Open Educational Resources (OER)<\/li>\n\n\n\n<li class=\"has-medium-font-size\">Hier k\u00f6nnte Ihr Vorschlag stehen. Sie k\u00f6nnen <strong>Schwerpunkte mitbestimmen<\/strong>!<\/li>\n<\/ul>\n<\/div>\n<\/div>\n\n\n\n<div class=\"wp-block-columns is-layout-flex wp-container-core-columns-layout-5 wp-block-columns-is-layout-flex\">\n<div class=\"wp-block-column is-layout-flow wp-block-column-is-layout-flow\" style=\"flex-basis:18%\">\n<p class=\"has-text-align-right has-neve-link-color-color has-text-color has-link-color has-large-font-size wp-elements-226c8c6ffdfb2a026e2bb6872847a9dc\"><strong><strong>Bisher?<\/strong><\/strong> <\/p>\n<\/div>\n\n\n\n<div class=\"wp-block-column is-layout-flow wp-block-column-is-layout-flow\" style=\"flex-basis:1%\"><\/div>\n\n\n\n<div class=\"wp-block-column is-layout-flow wp-block-column-is-layout-flow\" style=\"flex-basis:80%\">\n<p class=\"has-medium-font-size\">Inhalte der letzten Termine:<\/p>\n\n\n\n<ul>\n<li class=\"has-medium-font-size\">Juli 2024: <strong>Gamification<\/strong><\/li>\n\n\n\n<li class=\"has-medium-font-size\">Oktober 2024:<strong> <strong>Quantenexperimente <\/strong>mit phyphox<\/strong><\/li>\n\n\n\n<li class=\"has-medium-font-size\">Januar 2025: Einstiege in das <strong>Experimentieren mit Smartphones und Tablets<\/strong><\/li>\n\n\n\n<li class=\"has-medium-font-size\">April 2025: Quantenspr\u00fcnge im Unterricht: <strong>Untersuchung der quantisierten Leitf\u00e4higkeit <\/strong>in Nanodr\u00e4hten<\/li>\n\n\n\n<li class=\"has-medium-font-size\">September 2025: <strong>Interferometer aus dem 3D-Drucker<\/strong><\/li>\n\n\n\n<li class=\"has-medium-font-size\">Dezember 2025: <strong>Gamification<\/strong> und <strong>Game-based Learning<\/strong> im MINT-Unterricht<\/li>\n\n\n\n<li class=\"has-medium-font-size\">Februar 2026: <strong>Experimente <\/strong>im <strong>Biologie<\/strong>&#8211; und <strong>Chemieunterricht, Interaktive Video-Lerneinheiten <\/strong>f\u00fcr den <strong>Chemieunterricht<\/strong><\/li>\n<\/ul>\n<\/div>\n<\/div>\n\n\n\n<div class=\"wp-block-cover\" style=\"min-height:493px\"><span aria-hidden=\"true\" class=\"wp-block-cover__background has-nv-light-bg-background-color has-background-dim-100 has-background-dim\"><\/span><div class=\"wp-block-cover__inner-container is-layout-constrained wp-block-cover-is-layout-constrained\">\n<div class=\"wp-block-columns is-layout-flex wp-container-core-columns-layout-6 wp-block-columns-is-layout-flex\">\n<div class=\"wp-block-column is-layout-flow wp-block-column-is-layout-flow\" style=\"flex-basis:66.66%\">\n<h2 class=\"wp-block-heading has-neve-text-color-color has-text-color has-link-color wp-elements-6d3f740cdd8a33dde4ee7fba12892698\">Kontakt <br>\u00d6cher STEM-Tisch<\/h2>\n\n\n\n<p class=\"has-neve-text-color-color has-text-color has-link-color wp-elements-c865a722dc2a743539b121aa40880bd9\"><strong>Ramona Schauer-Bollig<\/strong><\/p>\n\n\n\n<p class=\"has-neve-text-color-color has-text-color has-link-color wp-elements-b69f328dbb8341add9c6bf63cc547f09\">RWTH Aachen University<br>I. Physikalisches Institut IA<br>Sommerfeldstr. 1652074 <br>AachenTel.: 0241 80 27225<br>E-Mail: <a href=\"mailto:schauer-bollig@physik.rwth-aachen.de\">schauer-bollig@physik.rwth-aachen.de<\/a><\/p>\n<\/div>\n\n\n\n<div class=\"wp-block-column is-layout-flow wp-block-column-is-layout-flow\" style=\"flex-basis:33.33%\"><div class=\"wp-block-image\">\n<figure class=\"alignleft size-full is-resized\"><img loading=\"lazy\" decoding=\"async\" width=\"534\" height=\"739\" src=\"https:\/\/sciphylab.de\/dev-wp-2\/wp-content\/uploads\/2026\/01\/Protrait.jpg\" alt=\"\" class=\"wp-image-5869\" style=\"width:281px;height:auto\" srcset=\"https:\/\/sciphylab.de\/dev-wp-2\/wp-content\/uploads\/2026\/01\/Protrait.jpg 534w, https:\/\/sciphylab.de\/dev-wp-2\/wp-content\/uploads\/2026\/01\/Protrait-217x300.jpg 217w\" sizes=\"(max-width: 534px) 100vw, 534px\" \/><\/figure><\/div><\/div>\n<\/div>\n<\/div><\/div>\n","protected":false},"excerpt":{"rendered":"<p>SpeechTest outExchange Meet and Greet Science Technology Engineering Mathematics N\u00e4chster Termin Mittwoch, 23.09.26 von 16:30 &#8211; 18:00 Uhr(danach Ende offen) am Kaiser-Karls-Gymnasium Aachen Makerspace im Science-Unterricht \u00d6cher STEM-Tisch? Wer? MINT-Lehrkr\u00e4fte &amp; Akteur:innen der Hochschule Wann? Kommende Termine:Mittwoch, 23.09.26Donnerstag, 26.11.26 Was? Regelm\u00e4\u00dfiger, niederschwelliger Austausch von Lehrkr\u00e4ften untereinander und mit Akteur:innen der Hochschule zu: Bisher? Inhalte der&hellip;&nbsp;<a href=\"https:\/\/sciphylab.de\/dev-wp-2\/oecher-stem-tisch\/\" class=\"\" rel=\"bookmark\">Weiterlesen &raquo;<span class=\"screen-reader-text\">\u00d6cher STEM-Tisch<\/span><\/a><\/p>\n","protected":false},"author":18,"featured_media":0,"parent":0,"menu_order":0,"comment_status":"closed","ping_status":"closed","template":"","meta":{"neve_meta_sidebar":"","neve_meta_container":"","neve_meta_enable_content_width":"","neve_meta_content_width":0,"neve_meta_title_alignment":"","neve_meta_author_avatar":"","neve_post_elements_order":"","neve_meta_disable_header":"","neve_meta_disable_footer":"","neve_meta_disable_title":"","footnotes":""},"_links":{"self":[{"href":"https:\/\/sciphylab.de\/dev-wp-2\/wp-json\/wp\/v2\/pages\/5387"}],"collection":[{"href":"https:\/\/sciphylab.de\/dev-wp-2\/wp-json\/wp\/v2\/pages"}],"about":[{"href":"https:\/\/sciphylab.de\/dev-wp-2\/wp-json\/wp\/v2\/types\/page"}],"author":[{"embeddable":true,"href":"https:\/\/sciphylab.de\/dev-wp-2\/wp-json\/wp\/v2\/users\/18"}],"replies":[{"embeddable":true,"href":"https:\/\/sciphylab.de\/dev-wp-2\/wp-json\/wp\/v2\/comments?post=5387"}],"version-history":[{"count":43,"href":"https:\/\/sciphylab.de\/dev-wp-2\/wp-json\/wp\/v2\/pages\/5387\/revisions"}],"predecessor-version":[{"id":6011,"href":"https:\/\/sciphylab.de\/dev-wp-2\/wp-json\/wp\/v2\/pages\/5387\/revisions\/6011"}],"wp:attachment":[{"href":"https:\/\/sciphylab.de\/dev-wp-2\/wp-json\/wp\/v2\/media?parent=5387"}],"curies":[{"name":"wp","href":"https:\/\/api.w.org\/{rel}","templated":true}]}}