{"id":381,"date":"2022-04-04T00:52:06","date_gmt":"2022-04-03T22:52:06","guid":{"rendered":"https:\/\/sciphylab.de\/dev-wp-2\/?page_id=381"},"modified":"2022-05-01T20:03:16","modified_gmt":"2022-05-01T18:03:16","slug":"weiteres","status":"publish","type":"page","link":"https:\/\/sciphylab.de\/dev-wp-2\/weiteres\/","title":{"rendered":"Weiteres"},"content":{"rendered":"\n<h2 class=\"wp-block-heading\">Weitere Angebote<\/h2>\n\n\n\n<p>Die AG Physikalische Praktika des <a rel=\"noreferrer noopener\" href=\"http:\/\/www.institut-1a.physik.rwth-aachen.de\/\" target=\"_blank\">I. Physikalischen Instituts (IA)<\/a> der RWTH Aachen unter Leitung von Univ.-Prof. Dr. Heidrun Heinke bietet noch weitere interessante Unterrichtsangebote f\u00fcr den Physik-Unterricht an weiterf\u00fchrenden Schulen an.<\/p>\n\n\n\n<div class=\"wp-block-cover alignfull\" style=\"min-height:400px\"><span aria-hidden=\"true\" class=\"has-nv-text-dark-bg-background-color has-background-dim-100 wp-block-cover__gradient-background has-background-dim\"><\/span><div class=\"wp-block-cover__inner-container is-layout-flow wp-block-cover-is-layout-flow\">\n<div class=\"wp-block-group is-layout-flow wp-block-group-is-layout-flow\"><div class=\"wp-block-group__inner-container\">\n<div style=\"height:40px\" aria-hidden=\"true\" class=\"wp-block-spacer\"><\/div>\n\n\n\n<div class=\"wp-block-columns are-vertically-aligned-center is-layout-flex wp-container-core-columns-layout-1 wp-block-columns-is-layout-flex\">\n<div class=\"wp-block-column is-vertically-aligned-center is-layout-flow wp-block-column-is-layout-flow\" style=\"flex-basis:70%\">\n<h3 class=\"has-text-align-left has-neve-text-color-color has-text-color wp-block-heading\">Online-Anleitungen<\/h3>\n\n\n\n<p class=\"has-text-align-left has-neve-text-color-color has-text-color\" style=\"font-size:17px\">Das I. Physikalische Institut IA hat die Versuche Photoeffekt, Radioaktivit\u00e4t, Spektroskopie und Interferometrie umfangreich digital aufbereitet und stellt Ihnen diese interaktiven Versuchsanleitungen zur Verf\u00fcgung. Einige dieser Anleitungen beinhalten auch ein interaktives Bildschirmexperiment. <\/p>\n\n\n\n<div class=\"wp-block-buttons is-content-justification-left is-layout-flex wp-container-core-buttons-layout-1 wp-block-buttons-is-layout-flex\">\n<div class=\"wp-block-button is-style-primary\"><a class=\"wp-block-button__link has-nv-text-dark-bg-color has-nv-c-2-background-color has-text-color has-background\" href=\"http:\/\/ibe.physik.rwth-aachen.de\/\" target=\"_blank\" rel=\"noreferrer noopener\">Zur Webseite<\/a><\/div>\n<\/div>\n\n\n\n<div style=\"height:20px\" aria-hidden=\"true\" class=\"wp-block-spacer\"><\/div>\n<\/div>\n\n\n\n<div class=\"wp-block-column is-vertically-aligned-center is-layout-flow wp-block-column-is-layout-flow\" style=\"flex-basis:30%\">\n<figure class=\"wp-block-image size-full is-resized\"><img loading=\"lazy\" decoding=\"async\" src=\"https:\/\/sciphylab.de\/dev-wp-2\/wp-content\/uploads\/2022\/04\/interaktive_Versuchsanleitung-edited.jpg\" alt=\"\" class=\"wp-image-784\" width=\"400\" height=\"400\" srcset=\"https:\/\/sciphylab.de\/dev-wp-2\/wp-content\/uploads\/2022\/04\/interaktive_Versuchsanleitung-edited.jpg 698w, https:\/\/sciphylab.de\/dev-wp-2\/wp-content\/uploads\/2022\/04\/interaktive_Versuchsanleitung-edited-300x300.jpg 300w, https:\/\/sciphylab.de\/dev-wp-2\/wp-content\/uploads\/2022\/04\/interaktive_Versuchsanleitung-edited-150x150.jpg 150w\" sizes=\"(max-width: 400px) 100vw, 400px\" \/><\/figure>\n<\/div>\n<\/div>\n\n\n\n<div style=\"height:20px\" aria-hidden=\"true\" class=\"wp-block-spacer\"><\/div>\n<\/div><\/div>\n<\/div><\/div>\n\n\n\n<div class=\"wp-block-cover alignfull\" style=\"min-height:400px\"><span aria-hidden=\"true\" class=\"has-nv-text-dark-bg-background-color has-background-dim-100 wp-block-cover__gradient-background has-background-dim\"><\/span><div class=\"wp-block-cover__inner-container is-layout-flow wp-block-cover-is-layout-flow\">\n<div class=\"wp-block-group is-layout-flow wp-block-group-is-layout-flow\"><div class=\"wp-block-group__inner-container\">\n<div style=\"height:40px\" aria-hidden=\"true\" class=\"wp-block-spacer\"><\/div>\n\n\n\n<div class=\"wp-block-columns are-vertically-aligned-center is-layout-flex wp-container-core-columns-layout-2 wp-block-columns-is-layout-flex\">\n<div class=\"wp-block-column is-vertically-aligned-center is-layout-flow wp-block-column-is-layout-flow\" style=\"flex-basis:30%\">\n<figure class=\"wp-block-image size-large\"><img loading=\"lazy\" decoding=\"async\" width=\"1024\" height=\"738\" src=\"https:\/\/sciphylab.de\/dev-wp-2\/wp-content\/uploads\/2022\/04\/MILeNa_Logo_gross-1024x738.png\" alt=\"\" class=\"wp-image-1733\" srcset=\"https:\/\/sciphylab.de\/dev-wp-2\/wp-content\/uploads\/2022\/04\/MILeNa_Logo_gross-1024x738.png 1024w, https:\/\/sciphylab.de\/dev-wp-2\/wp-content\/uploads\/2022\/04\/MILeNa_Logo_gross-300x216.png 300w, https:\/\/sciphylab.de\/dev-wp-2\/wp-content\/uploads\/2022\/04\/MILeNa_Logo_gross-768x554.png 768w, https:\/\/sciphylab.de\/dev-wp-2\/wp-content\/uploads\/2022\/04\/MILeNa_Logo_gross-1536x1108.png 1536w, https:\/\/sciphylab.de\/dev-wp-2\/wp-content\/uploads\/2022\/04\/MILeNa_Logo_gross-2048x1477.png 2048w\" sizes=\"(max-width: 1024px) 100vw, 1024px\" \/><\/figure>\n<\/div>\n\n\n\n<div class=\"wp-block-column is-vertically-aligned-center is-layout-flow wp-block-column-is-layout-flow\" style=\"flex-basis:70%\">\n<h3 class=\"has-text-align-left has-neve-text-color-color has-text-color wp-block-heading\">MILeNa<\/h3>\n\n\n\n<p class=\"has-text-align-left has-neve-text-color-color has-text-color\" style=\"font-size:17px\">Das MINT-Lehrer-Nachwuchsf\u00f6rderungsprogramm (MILeNa) der RWTH-Aachen und der Universit\u00e4t Bonn richtet sich an Sch\u00fclerInnen der Oberstufe und umfasst eine Laufzeit von einem oder zwei Jahren. MILeNa bietet den Sch\u00fclerInnen somit eine l\u00e4ngerfristige Begleitung in der Phase der Berufsentscheidung und gibt tiefe Einblicke in das Berufsfeld einer MINT-Lehrkraft. Hierdurch&nbsp;f\u00f6rdert es eine fundiertere und bewusstere Studienentscheidung&nbsp;bez\u00fcglich eines MINT-Lehramtsstudienganges.<\/p>\n\n\n\n<div class=\"wp-block-buttons is-content-justification-right is-layout-flex wp-container-core-buttons-layout-2 wp-block-buttons-is-layout-flex\">\n<div class=\"wp-block-button is-style-primary\"><a class=\"wp-block-button__link has-nv-text-dark-bg-color has-nv-c-2-background-color has-text-color has-background\" href=\"https:\/\/www.milena.physik.rwth-aachen.de\/wordpress\/\" target=\"_blank\" rel=\"noreferrer noopener\">Zur Webseite<\/a><\/div>\n<\/div>\n\n\n\n<div style=\"height:20px\" aria-hidden=\"true\" class=\"wp-block-spacer\"><\/div>\n<\/div>\n<\/div>\n\n\n\n<div style=\"height:20px\" aria-hidden=\"true\" class=\"wp-block-spacer\"><\/div>\n<\/div><\/div>\n<\/div><\/div>\n\n\n\n<div class=\"wp-block-cover alignfull\" style=\"min-height:400px\"><span aria-hidden=\"true\" class=\"has-background-dim-100 wp-block-cover__gradient-background has-background-dim\" style=\"background-color:#404040\"><\/span><div class=\"wp-block-cover__inner-container is-layout-flow wp-block-cover-is-layout-flow\">\n<div class=\"wp-block-group is-layout-flow wp-block-group-is-layout-flow\"><div class=\"wp-block-group__inner-container\">\n<div style=\"height:40px\" aria-hidden=\"true\" class=\"wp-block-spacer\"><\/div>\n\n\n\n<div class=\"wp-block-columns are-vertically-aligned-center is-layout-flex wp-container-core-columns-layout-3 wp-block-columns-is-layout-flex\">\n<div class=\"wp-block-column is-vertically-aligned-center is-layout-flow wp-block-column-is-layout-flow\" style=\"flex-basis:70%\">\n<h3 class=\"has-text-align-left wp-block-heading\">phyphox<\/h3>\n\n\n\n<p class=\"has-text-align-left\" style=\"font-size:17px\"><em>phyphox erm\u00f6glicht den Zugriff auf die Sensoren Ihres Smartphone oder Tablets, entweder direkt oder durch sofort einsatzbereite Experimente mit eingebauter Datenauswertung und Export-Funktion. <\/em><\/p>\n\n\n\n<div class=\"wp-block-buttons is-content-justification-left is-layout-flex wp-container-core-buttons-layout-3 wp-block-buttons-is-layout-flex\">\n<div class=\"wp-block-button is-style-primary\"><a class=\"wp-block-button__link has-nv-text-dark-bg-color has-text-color has-background\" href=\"https:\/\/phyphox.org\/\" style=\"background-color:#ff7e22\" target=\"_blank\" rel=\"noreferrer noopener\">Zur Webseite<\/a><\/div>\n<\/div>\n\n\n\n<div style=\"height:20px\" aria-hidden=\"true\" class=\"wp-block-spacer\"><\/div>\n<\/div>\n\n\n\n<div class=\"wp-block-column is-vertically-aligned-center is-layout-flow wp-block-column-is-layout-flow\" style=\"flex-basis:30%\">\n<figure class=\"wp-block-image size-full is-resized\"><img loading=\"lazy\" decoding=\"async\" src=\"https:\/\/sciphylab.de\/dev-wp-2\/wp-content\/uploads\/2022\/04\/phyphox-edited.jpg\" alt=\"\" class=\"wp-image-780\" width=\"400\" height=\"400\" srcset=\"https:\/\/sciphylab.de\/dev-wp-2\/wp-content\/uploads\/2022\/04\/phyphox-edited.jpg 1000w, https:\/\/sciphylab.de\/dev-wp-2\/wp-content\/uploads\/2022\/04\/phyphox-edited-300x300.jpg 300w, https:\/\/sciphylab.de\/dev-wp-2\/wp-content\/uploads\/2022\/04\/phyphox-edited-150x150.jpg 150w, https:\/\/sciphylab.de\/dev-wp-2\/wp-content\/uploads\/2022\/04\/phyphox-edited-768x766.jpg 768w\" sizes=\"(max-width: 400px) 100vw, 400px\" \/><\/figure>\n<\/div>\n<\/div>\n\n\n\n<div style=\"height:20px\" aria-hidden=\"true\" class=\"wp-block-spacer\"><\/div>\n<\/div><\/div>\n<\/div><\/div>\n\n\n\n<p><\/p>\n","protected":false},"excerpt":{"rendered":"<p>Weitere Angebote Die AG Physikalische Praktika des I. Physikalischen Instituts (IA) der RWTH Aachen unter Leitung von Univ.-Prof. Dr. Heidrun Heinke bietet noch weitere interessante Unterrichtsangebote f\u00fcr den Physik-Unterricht an weiterf\u00fchrenden Schulen an.<\/p>\n","protected":false},"author":4,"featured_media":810,"parent":0,"menu_order":0,"comment_status":"closed","ping_status":"closed","template":"","meta":{"neve_meta_sidebar":"","neve_meta_container":"","neve_meta_enable_content_width":"on","neve_meta_content_width":100,"neve_meta_title_alignment":"","neve_meta_author_avatar":"","neve_post_elements_order":"","neve_meta_disable_header":"","neve_meta_disable_footer":"","neve_meta_disable_title":"","footnotes":""},"_links":{"self":[{"href":"https:\/\/sciphylab.de\/dev-wp-2\/wp-json\/wp\/v2\/pages\/381"}],"collection":[{"href":"https:\/\/sciphylab.de\/dev-wp-2\/wp-json\/wp\/v2\/pages"}],"about":[{"href":"https:\/\/sciphylab.de\/dev-wp-2\/wp-json\/wp\/v2\/types\/page"}],"author":[{"embeddable":true,"href":"https:\/\/sciphylab.de\/dev-wp-2\/wp-json\/wp\/v2\/users\/4"}],"replies":[{"embeddable":true,"href":"https:\/\/sciphylab.de\/dev-wp-2\/wp-json\/wp\/v2\/comments?post=381"}],"version-history":[{"count":40,"href":"https:\/\/sciphylab.de\/dev-wp-2\/wp-json\/wp\/v2\/pages\/381\/revisions"}],"predecessor-version":[{"id":1764,"href":"https:\/\/sciphylab.de\/dev-wp-2\/wp-json\/wp\/v2\/pages\/381\/revisions\/1764"}],"wp:featuredmedia":[{"embeddable":true,"href":"https:\/\/sciphylab.de\/dev-wp-2\/wp-json\/wp\/v2\/media\/810"}],"wp:attachment":[{"href":"https:\/\/sciphylab.de\/dev-wp-2\/wp-json\/wp\/v2\/media?parent=381"}],"curies":[{"name":"wp","href":"https:\/\/api.w.org\/{rel}","templated":true}]}}