{"id":3091,"date":"2022-07-27T16:22:57","date_gmt":"2022-07-27T14:22:57","guid":{"rendered":"https:\/\/sciphylab.de\/dev-wp-2\/?page_id=3091"},"modified":"2023-10-24T15:23:18","modified_gmt":"2023-10-24T13:23:18","slug":"efre","status":"publish","type":"page","link":"https:\/\/sciphylab.de\/dev-wp-2\/efre\/","title":{"rendered":"Unterst\u00fctzung von Labs on Tour aus dem EFRE"},"content":{"rendered":"<div class=\"wp-block-image\">\n<figure class=\"alignleft size-large is-resized\"><img loading=\"lazy\" decoding=\"async\" width=\"1024\" height=\"237\" src=\"https:\/\/sciphylab.de\/dev-wp-2\/wp-content\/uploads\/2023\/10\/REACT-EU_LOGO_JPG_RGB-1024x237.jpg\" alt=\"\" class=\"wp-image-3952\" style=\"width:542px;height:126px\" srcset=\"https:\/\/sciphylab.de\/dev-wp-2\/wp-content\/uploads\/2023\/10\/REACT-EU_LOGO_JPG_RGB-1024x237.jpg 1024w, https:\/\/sciphylab.de\/dev-wp-2\/wp-content\/uploads\/2023\/10\/REACT-EU_LOGO_JPG_RGB-300x70.jpg 300w, https:\/\/sciphylab.de\/dev-wp-2\/wp-content\/uploads\/2023\/10\/REACT-EU_LOGO_JPG_RGB-768x178.jpg 768w, https:\/\/sciphylab.de\/dev-wp-2\/wp-content\/uploads\/2023\/10\/REACT-EU_LOGO_JPG_RGB.jpg 1053w\" sizes=\"(max-width: 1024px) 100vw, 1024px\" \/><\/figure><\/div>\n\n\n<p>Die Bezeichnung EFRE steht f\u00fcr den &#8222;Europ\u00e4ischen Fonds f\u00fcr regionale Entwicklung&#8220;, der von der EU ins Leben gerufen worden ist, um &#8222;Unterschiede im Entwicklungsstand der verschiedenen Regionen der Union [zu mindern]&#8220; (<a href=\"https:\/\/www.europarl.europa.eu\/factsheets\/de\/sheet\/95\/europaischer-fonds-fur-regionale-entwicklung-efre-\">europa.eu<\/a>). Im Rahmen der COVID-19-Pandemie wurde der Fonds finanziell ausgestattet, um mit dem Programm REACT-EU eine Aufbauhilfe zur Abfederung wirtschaftlicher und sozialer Folgen zu sein (<a href=\"https:\/\/www.efre.nrw.de\/wege-zur-foerderung\/react-eu\/\">efre.nrw.de<\/a>).<\/p>\n\n\n\n<p>Um nach der Corona-Pandemie nicht nur verpassten Unterrichtsstoff aufzuholen, sondern auch Interesse der Sch\u00fclerinnen und Sch\u00fcler an Inhalten sowie gemeinsames Arbeiten zu f\u00f6rdern, ist das Projekt <em>Labs on Tour<\/em> von der RWTH Aachen University in Kooperation mit der St\u00e4dteRegion Aachen gegr\u00fcndet worden. Hierf\u00fcr entstehen m\u00f6glichst ansprechend und niederschwellige vierw\u00f6chige Kurse mit jeweils 90-min\u00fctigen Einheiten, die im Rahmen einer w\u00f6chentlichen MINT-AG an Schulen durchgef\u00fchrt werden. Grundlage f\u00fcr die Kurse bilden die vielf\u00e4ltigen Materialien aller Sch\u00fclerlabore der RWTH Aachen.<\/p>\n\n\n\n<p>Labs on Tour wird hierbei von EFRE finanziell gef\u00f6rdert. So beschafft das Projekt 30 Tablets zum Einsatz in den verschiedenen, teils parallel laufenden Kursen. Ziel ist es, neue Tablet-basierte Angebote zu schaffen und existierende Angebote digitaler aufzustellen. Dar\u00fcber hinaus k\u00f6nnen die Tablets auch an anderen Orten und bei anderen Gelegenheiten eingesetzt werden, die zum Projektkonzept passen. Beispiele hierf\u00fcr sind Angebote in Offenen T\u00fcren \/ Jugendtreffs, die Organisation und Durchf\u00fchrung von Projekttagen und -wochen, Ferienangeboten und weiteren. Auch Veranstaltungen f\u00fcr Sch\u00fclerinnen und Sch\u00fcler in der Universit\u00e4t k\u00f6nnen unterst\u00fctzt werden, indem dort Kursbestandteile der Labs on Tour-Angebote genutzt werden.<\/p>\n\n\n\n<p>Neben den Tablets wird von EFRE weitere Infrastruktur, unter anderem LTE-Router finanziert. Diese Infrastruktur dient der technischen Ausstattung des Projekts und wird prim\u00e4r ebenfalls in Kursen in Schulen der St\u00e4dteRegion Aachen eingesetzt. Die genannten Angebote profitieren massiv von der technischen Ausstattung und sicher den breiten und langfristigen Einsatz der beschafften Hardware.<\/p>\n","protected":false},"excerpt":{"rendered":"<p>Die Bezeichnung EFRE steht f\u00fcr den &#8222;Europ\u00e4ischen Fonds f\u00fcr regionale Entwicklung&#8220;, der von der EU ins Leben gerufen worden ist, um &#8222;Unterschiede im Entwicklungsstand der verschiedenen Regionen der Union [zu mindern]&#8220; (europa.eu). Im Rahmen der COVID-19-Pandemie wurde der Fonds finanziell ausgestattet, um mit dem Programm REACT-EU eine Aufbauhilfe zur Abfederung wirtschaftlicher und sozialer Folgen zu&hellip;&nbsp;<a href=\"https:\/\/sciphylab.de\/dev-wp-2\/efre\/\" class=\"\" rel=\"bookmark\">Weiterlesen &raquo;<span class=\"screen-reader-text\">Unterst\u00fctzung von Labs on Tour aus dem EFRE<\/span><\/a><\/p>\n","protected":false},"author":4,"featured_media":0,"parent":0,"menu_order":0,"comment_status":"closed","ping_status":"closed","template":"","meta":{"neve_meta_sidebar":"","neve_meta_container":"","neve_meta_enable_content_width":"","neve_meta_content_width":0,"neve_meta_title_alignment":"","neve_meta_author_avatar":"","neve_post_elements_order":"","neve_meta_disable_header":"","neve_meta_disable_footer":"","neve_meta_disable_title":"","footnotes":""},"_links":{"self":[{"href":"https:\/\/sciphylab.de\/dev-wp-2\/wp-json\/wp\/v2\/pages\/3091"}],"collection":[{"href":"https:\/\/sciphylab.de\/dev-wp-2\/wp-json\/wp\/v2\/pages"}],"about":[{"href":"https:\/\/sciphylab.de\/dev-wp-2\/wp-json\/wp\/v2\/types\/page"}],"author":[{"embeddable":true,"href":"https:\/\/sciphylab.de\/dev-wp-2\/wp-json\/wp\/v2\/users\/4"}],"replies":[{"embeddable":true,"href":"https:\/\/sciphylab.de\/dev-wp-2\/wp-json\/wp\/v2\/comments?post=3091"}],"version-history":[{"count":9,"href":"https:\/\/sciphylab.de\/dev-wp-2\/wp-json\/wp\/v2\/pages\/3091\/revisions"}],"predecessor-version":[{"id":3953,"href":"https:\/\/sciphylab.de\/dev-wp-2\/wp-json\/wp\/v2\/pages\/3091\/revisions\/3953"}],"wp:attachment":[{"href":"https:\/\/sciphylab.de\/dev-wp-2\/wp-json\/wp\/v2\/media?parent=3091"}],"curies":[{"name":"wp","href":"https:\/\/api.w.org\/{rel}","templated":true}]}}

Unterstützung von Labs on Tour aus dem EFRE

<div class="wp-block-image">
<figure class="alignleft size-large is-resized"><img loading="lazy" decoding="async" width="1024" height="237" src="https://sciphylab.de/dev-wp-2/wp-content/uploads/2023/10/REACT-EU_LOGO_JPG_RGB-1024x237.jpg" alt="" class="wp-image-3952" style="width:542px;height:126px" srcset="https://sciphylab.de/dev-wp-2/wp-content/uploads/2023/10/REACT-EU_LOGO_JPG_RGB-1024x237.jpg 1024w, https://sciphylab.de/dev-wp-2/wp-content/uploads/2023/10/REACT-EU_LOGO_JPG_RGB-300x70.jpg 300w, https://sciphylab.de/dev-wp-2/wp-content/uploads/2023/10/REACT-EU_LOGO_JPG_RGB-768x178.jpg 768w, https://sciphylab.de/dev-wp-2/wp-content/uploads/2023/10/REACT-EU_LOGO_JPG_RGB.jpg 1053w" sizes="(max-width: 1024px) 100vw, 1024px" /></figure></div>


<p>Die Bezeichnung EFRE steht für den &#8222;Europäischen Fonds für regionale Entwicklung&#8220;, der von der EU ins Leben gerufen worden ist, um &#8222;Unterschiede im Entwicklungsstand der verschiedenen Regionen der Union [zu mindern]&#8220; (<a href="https://www.europarl.europa.eu/factsheets/de/sheet/95/europaischer-fonds-fur-regionale-entwicklung-efre-">europa.eu</a>). Im Rahmen der COVID-19-Pandemie wurde der Fonds finanziell ausgestattet, um mit dem Programm REACT-EU eine Aufbauhilfe zur Abfederung wirtschaftlicher und sozialer Folgen zu sein (<a href="https://www.efre.nrw.de/wege-zur-foerderung/react-eu/">efre.nrw.de</a>).</p>



<p>Um nach der Corona-Pandemie nicht nur verpassten Unterrichtsstoff aufzuholen, sondern auch Interesse der Schülerinnen und Schüler an Inhalten sowie gemeinsames Arbeiten zu fördern, ist das Projekt <em>Labs on Tour</em> von der RWTH Aachen University in Kooperation mit der StädteRegion Aachen gegründet worden. Hierfür entstehen möglichst ansprechend und niederschwellige vierwöchige Kurse mit jeweils 90-minütigen Einheiten, die im Rahmen einer wöchentlichen MINT-AG an Schulen durchgeführt werden. Grundlage für die Kurse bilden die vielfältigen Materialien aller Schülerlabore der RWTH Aachen.</p>



<p>Labs on Tour wird hierbei von EFRE finanziell gefördert. So beschafft das Projekt 30 Tablets zum Einsatz in den verschiedenen, teils parallel laufenden Kursen. Ziel ist es, neue Tablet-basierte Angebote zu schaffen und existierende Angebote digitaler aufzustellen. Darüber hinaus können die Tablets auch an anderen Orten und bei anderen Gelegenheiten eingesetzt werden, die zum Projektkonzept passen. Beispiele hierfür sind Angebote in Offenen Türen / Jugendtreffs, die Organisation und Durchführung von Projekttagen und -wochen, Ferienangeboten und weiteren. Auch Veranstaltungen für Schülerinnen und Schüler in der Universität können unterstützt werden, indem dort Kursbestandteile der Labs on Tour-Angebote genutzt werden.</p>



<p>Neben den Tablets wird von EFRE weitere Infrastruktur, unter anderem LTE-Router finanziert. Diese Infrastruktur dient der technischen Ausstattung des Projekts und wird primär ebenfalls in Kursen in Schulen der StädteRegion Aachen eingesetzt. Die genannten Angebote profitieren massiv von der technischen Ausstattung und sicher den breiten und langfristigen Einsatz der beschafften Hardware.</p>

<p>Die Bezeichnung EFRE steht für den &#8222;Europäischen Fonds für regionale Entwicklung&#8220;, der von der EU ins Leben gerufen worden ist, um &#8222;Unterschiede im Entwicklungsstand der verschiedenen Regionen der Union [zu mindern]&#8220; (europa.eu). Im Rahmen der COVID-19-Pandemie wurde der Fonds finanziell ausgestattet, um mit dem Programm REACT-EU eine Aufbauhilfe zur Abfederung wirtschaftlicher und sozialer Folgen zu&hellip;&nbsp;<a href="https://sciphylab.de/dev-wp-2/efre/" class="" rel="bookmark">Weiterlesen &raquo;<span class="screen-reader-text">Unterstützung von Labs on Tour aus dem EFRE</span></a></p>
