{"id":15,"date":"2022-03-30T01:04:40","date_gmt":"2022-03-29T23:04:40","guid":{"rendered":"https:\/\/sciphylab.de\/dev-wp-2\/?page_id=15"},"modified":"2025-05-30T12:46:03","modified_gmt":"2025-05-30T10:46:03","slug":"startseite","status":"publish","type":"page","link":"https:\/\/sciphylab.de\/dev-wp-2\/","title":{"rendered":"Startseite"},"content":{"rendered":"\n<div class=\"wp-block-cover alignfull is-light has-parallax titelbild\" style=\"min-height:500px\"><span aria-hidden=\"true\" class=\"wp-block-cover__background has-neve-text-color-background-color has-background-dim\"><\/span><div role=\"img\" class=\"wp-block-cover__image-background wp-image-93 has-parallax\" style=\"background-position:50% 50%;background-image:url(https:\/\/sciphylab.de\/dev-wp-2\/wp-content\/uploads\/2022\/04\/Physikzentrum.jpg)\"><\/div><div class=\"wp-block-cover__inner-container is-layout-flow wp-block-cover-is-layout-flow\">\n<div style=\"height:180px\" aria-hidden=\"true\" class=\"wp-block-spacer\"><\/div>\n\n\n\n<h1 class=\"wp-block-heading has-text-align-center has-nv-text-dark-bg-color has-text-color\">Herzlich Willkommen<br>beim Lernlabor SCIphyLAB <\/h1>\n\n\n\n<p class=\"has-text-align-center has-nv-text-dark-bg-color has-text-color\" style=\"font-size:17px\">Unter dem Projektnamen SCIphyLAB verbergen sich vielf\u00e4ltige Angebote, die f\u00fcr Lehrkr\u00e4fte und ihre Sch\u00fclerinnen und Sch\u00fcler entwickelt wurden. Diese Angebote werden verantwortet von der AG Physikalische Praktika des I. Physikalischen Instituts IA. <\/p>\n\n\n\n<div style=\"height:80px\" aria-hidden=\"true\" class=\"wp-block-spacer\"><\/div>\n<\/div><\/div>\n\n\n\n<div style=\"height:80px\" aria-hidden=\"true\" class=\"wp-block-spacer\"><\/div>\n\n\n\n<div class=\"wp-block-columns is-layout-flex wp-container-core-columns-layout-1 wp-block-columns-is-layout-flex\">\n<div class=\"wp-block-column is-layout-flow wp-block-column-is-layout-flow\">\n<figure class=\"wp-block-image size-full is-style-default startbild\"><img loading=\"lazy\" decoding=\"async\" width=\"867\" height=\"579\" src=\"https:\/\/sciphylab.de\/dev-wp-2\/wp-content\/uploads\/2022\/05\/SCIphyLAB_Seifenblase.jpg\" alt=\"\" class=\"wp-image-2227\" srcset=\"https:\/\/sciphylab.de\/dev-wp-2\/wp-content\/uploads\/2022\/05\/SCIphyLAB_Seifenblase.jpg 867w, https:\/\/sciphylab.de\/dev-wp-2\/wp-content\/uploads\/2022\/05\/SCIphyLAB_Seifenblase-300x200.jpg 300w, https:\/\/sciphylab.de\/dev-wp-2\/wp-content\/uploads\/2022\/05\/SCIphyLAB_Seifenblase-768x513.jpg 768w\" sizes=\"(max-width: 867px) 100vw, 867px\" \/><\/figure>\n\n\n\n<div class=\"wp-block-buttons is-layout-flex wp-block-buttons-is-layout-flex\">\n<div class=\"wp-block-button has-custom-font-size is-style-primary oben has-medium-font-size\"><a class=\"wp-block-button__link has-nv-text-dark-bg-color has-text-color wp-element-button\" href=\"https:\/\/sciphylab.de\/dev-wp-2\/schuelerlabor\/\">Lernlabor<\/a><\/div>\n<\/div>\n<\/div>\n\n\n\n<div class=\"wp-block-column is-layout-flow wp-block-column-is-layout-flow\">\n<figure class=\"wp-block-image size-large is-style-default startbild\"><img loading=\"lazy\" decoding=\"async\" width=\"1024\" height=\"683\" src=\"https:\/\/sciphylab.de\/dev-wp-2\/wp-content\/uploads\/2022\/08\/IMG_7619-1024x683.jpg\" alt=\"\" class=\"wp-image-3155\" style=\"object-fit:cover\" srcset=\"https:\/\/sciphylab.de\/dev-wp-2\/wp-content\/uploads\/2022\/08\/IMG_7619-1024x683.jpg 1024w, https:\/\/sciphylab.de\/dev-wp-2\/wp-content\/uploads\/2022\/08\/IMG_7619-300x200.jpg 300w, https:\/\/sciphylab.de\/dev-wp-2\/wp-content\/uploads\/2022\/08\/IMG_7619-768x512.jpg 768w, https:\/\/sciphylab.de\/dev-wp-2\/wp-content\/uploads\/2022\/08\/IMG_7619-1536x1024.jpg 1536w, https:\/\/sciphylab.de\/dev-wp-2\/wp-content\/uploads\/2022\/08\/IMG_7619-2048x1365.jpg 2048w, https:\/\/sciphylab.de\/dev-wp-2\/wp-content\/uploads\/2022\/08\/IMG_7619-930x620.jpg 930w\" sizes=\"(max-width: 1024px) 100vw, 1024px\" \/><\/figure>\n\n\n\n<div class=\"wp-block-buttons is-layout-flex wp-block-buttons-is-layout-flex\">\n<div class=\"wp-block-button has-custom-font-size is-style-primary oben has-medium-font-size\"><a class=\"wp-block-button__link has-nv-text-dark-bg-color has-text-color wp-element-button\" href=\"https:\/\/sciphylab.de\/dev-wp-2\/labsontour\/\">Labs on Tour<\/a><\/div>\n<\/div>\n<\/div>\n\n\n\n<div class=\"wp-block-column is-layout-flow wp-block-column-is-layout-flow\">\n<figure class=\"wp-block-image size-large is-style-default startbild\"><img loading=\"lazy\" decoding=\"async\" width=\"1024\" height=\"683\" src=\"https:\/\/sciphylab.de\/dev-wp-2\/wp-content\/uploads\/2024\/10\/IMG_2013-1024x683.jpg\" alt=\"\" class=\"wp-image-4949\" srcset=\"https:\/\/sciphylab.de\/dev-wp-2\/wp-content\/uploads\/2024\/10\/IMG_2013-1024x683.jpg 1024w, https:\/\/sciphylab.de\/dev-wp-2\/wp-content\/uploads\/2024\/10\/IMG_2013-300x200.jpg 300w, https:\/\/sciphylab.de\/dev-wp-2\/wp-content\/uploads\/2024\/10\/IMG_2013-768x512.jpg 768w, https:\/\/sciphylab.de\/dev-wp-2\/wp-content\/uploads\/2024\/10\/IMG_2013-1536x1024.jpg 1536w, https:\/\/sciphylab.de\/dev-wp-2\/wp-content\/uploads\/2024\/10\/IMG_2013-2048x1365.jpg 2048w, https:\/\/sciphylab.de\/dev-wp-2\/wp-content\/uploads\/2024\/10\/IMG_2013-930x620.jpg 930w\" sizes=\"(max-width: 1024px) 100vw, 1024px\" \/><\/figure>\n\n\n\n<div class=\"wp-block-buttons is-layout-flex wp-block-buttons-is-layout-flex\">\n<div class=\"wp-block-button has-custom-font-size is-style-primary oben has-medium-font-size\"><a class=\"wp-block-button__link has-nv-text-dark-bg-color has-text-color wp-element-button\" href=\"https:\/\/sciphylab.de\/dev-wp-2\/girlsyear\/\">Girls&#8216; Year<\/a><\/div>\n<\/div>\n<\/div>\n<\/div>\n\n\n\n<h2 class=\"wp-block-heading\">Ferienangebote Sommerferien 2025<\/h2>\n\n\n\n<div class=\"wp-block-columns is-layout-flex wp-container-core-columns-layout-2 wp-block-columns-is-layout-flex\">\n<div class=\"wp-block-column is-layout-flow wp-block-column-is-layout-flow\">\n<figure class=\"wp-block-image size-large is-style-default startbild\"><img loading=\"lazy\" decoding=\"async\" width=\"2560\" height=\"1439\" src=\"https:\/\/sciphylab.de\/dev-wp-2\/wp-content\/uploads\/2022\/05\/Experimente_im_Saal-edited.jpg\" alt=\"\" class=\"wp-image-2391\" srcset=\"https:\/\/sciphylab.de\/dev-wp-2\/wp-content\/uploads\/2022\/05\/Experimente_im_Saal-edited.jpg 2560w, https:\/\/sciphylab.de\/dev-wp-2\/wp-content\/uploads\/2022\/05\/Experimente_im_Saal-edited-300x169.jpg 300w, https:\/\/sciphylab.de\/dev-wp-2\/wp-content\/uploads\/2022\/05\/Experimente_im_Saal-edited-1024x576.jpg 1024w, https:\/\/sciphylab.de\/dev-wp-2\/wp-content\/uploads\/2022\/05\/Experimente_im_Saal-edited-768x432.jpg 768w, https:\/\/sciphylab.de\/dev-wp-2\/wp-content\/uploads\/2022\/05\/Experimente_im_Saal-edited-1536x863.jpg 1536w, https:\/\/sciphylab.de\/dev-wp-2\/wp-content\/uploads\/2022\/05\/Experimente_im_Saal-edited-2048x1151.jpg 2048w\" sizes=\"(max-width: 2560px) 100vw, 2560px\" \/><figcaption class=\"wp-element-caption\">\u00a9 SCIphyLAB<\/figcaption><\/figure>\n\n\n\n<div class=\"wp-block-buttons is-layout-flex wp-block-buttons-is-layout-flex\">\n<div class=\"wp-block-button has-custom-font-size oben is-style-secondary has-medium-font-size\"><a class=\"wp-block-button__link has-nv-text-dark-bg-color has-text-color wp-element-button\" href=\"https:\/\/sciphylab.de\/dev-wp-2\/experimentierwelten-im-nell-breuning-haus\/\">Ferienangebot im HOT<\/a><\/div>\n<\/div>\n<\/div>\n\n\n\n<div class=\"wp-block-column is-layout-flow wp-block-column-is-layout-flow\">\n<figure class=\"wp-block-image size-large is-style-default startbild\"><img loading=\"lazy\" decoding=\"async\" width=\"1280\" height=\"720\" src=\"https:\/\/sciphylab.de\/dev-wp-2\/wp-content\/uploads\/2023\/03\/RWTHSchuelerunisBild-edited.jpg\" alt=\"\" class=\"wp-image-3511\" srcset=\"https:\/\/sciphylab.de\/dev-wp-2\/wp-content\/uploads\/2023\/03\/RWTHSchuelerunisBild-edited.jpg 1280w, https:\/\/sciphylab.de\/dev-wp-2\/wp-content\/uploads\/2023\/03\/RWTHSchuelerunisBild-edited-300x169.jpg 300w, https:\/\/sciphylab.de\/dev-wp-2\/wp-content\/uploads\/2023\/03\/RWTHSchuelerunisBild-edited-1024x576.jpg 1024w, https:\/\/sciphylab.de\/dev-wp-2\/wp-content\/uploads\/2023\/03\/RWTHSchuelerunisBild-edited-768x432.jpg 768w\" sizes=\"(max-width: 1280px) 100vw, 1280px\" \/><figcaption class=\"wp-element-caption\">\u00a9 Mario Irrmischer<\/figcaption><\/figure>\n\n\n\n<div class=\"wp-block-buttons is-layout-flex wp-block-buttons-is-layout-flex\">\n<div class=\"wp-block-button has-custom-font-size oben is-style-secondary has-medium-font-size\"><a class=\"wp-block-button__link has-nv-text-dark-bg-color has-text-color wp-element-button\" href=\"https:\/\/www.rwth-aachen.de\/cms\/root\/studium\/Beratung-Hilfe\/Beratung-und-Angebote-fuer-Schuelerinnen\/Angebote-fuer-Schuelerinnen-und-Schueler\/~cflc\/Schueleruniversitaet\/\">RWTH Sch\u00fclerunis<\/a><\/div>\n<\/div>\n<\/div>\n<\/div>\n\n\n\n<div class=\"wp-block-cover alignfull\" style=\"min-height:400px\"><span aria-hidden=\"true\" class=\"wp-block-cover__background has-nv-site-bg-background-color has-background-dim-100 has-background-dim\"><\/span><div class=\"wp-block-cover__inner-container is-layout-flow wp-block-cover-is-layout-flow\">\n<div class=\"wp-block-group is-layout-flow wp-block-group-is-layout-flow\"><div class=\"wp-block-group__inner-container\">\n<div style=\"height:40px\" aria-hidden=\"true\" class=\"wp-block-spacer\"><\/div>\n\n\n\n<h2 class=\"wp-block-heading has-neve-text-color-color has-text-color\">Neues aus dem SCIphyLAB&#8230;<\/h2>\n\n\n\n<div class=\"wp-block-query is-layout-flow wp-block-query-is-layout-flow\"><ul class=\"wp-block-post-template is-layout-flow wp-block-post-template-is-layout-flow\"><li class=\"wp-block-post post-5652 post type-post status-publish format-standard has-post-thumbnail hentry category-flexkom category-flexkom_modul\">\n\n<div class=\"wp-block-columns is-layout-flex wp-container-core-columns-layout-3 wp-block-columns-is-layout-flex\">\n<div class=\"wp-block-column is-layout-flow wp-block-column-is-layout-flow\" style=\"flex-basis:40%\"><figure class=\"wp-block-post-featured-image\"><a href=\"https:\/\/sciphylab.de\/dev-wp-2\/flieger-gut-alles-gut\/\" target=\"_self\"  ><img loading=\"lazy\" decoding=\"async\" width=\"1518\" height=\"1125\" src=\"https:\/\/sciphylab.de\/dev-wp-2\/wp-content\/uploads\/slider41\/Flieger2.png\" class=\"attachment-post-thumbnail size-post-thumbnail wp-post-image\" alt=\"Flieger gut, alles gut\" style=\"object-fit:cover;\" srcset=\"https:\/\/sciphylab.de\/dev-wp-2\/wp-content\/uploads\/slider41\/Flieger2.png 1518w, https:\/\/sciphylab.de\/dev-wp-2\/wp-content\/uploads\/slider41\/Flieger2-300x222.png 300w, https:\/\/sciphylab.de\/dev-wp-2\/wp-content\/uploads\/slider41\/Flieger2-1024x759.png 1024w, https:\/\/sciphylab.de\/dev-wp-2\/wp-content\/uploads\/slider41\/Flieger2-768x569.png 768w\" sizes=\"(max-width: 1518px) 100vw, 1518px\" \/><\/a><\/figure><\/div>\n\n\n\n<div class=\"wp-block-column is-vertically-aligned-center has-neve-text-color-color has-text-color is-layout-flow wp-block-column-is-layout-flow\"><h3 class=\"wp-block-post-title\"><a href=\"https:\/\/sciphylab.de\/dev-wp-2\/flieger-gut-alles-gut\/\" target=\"_self\" >Flieger gut, alles gut<\/a><\/h3>\n\n<div class=\"taxonomy-category has-text-align-left wp-block-post-terms\"><a href=\"https:\/\/sciphylab.de\/dev-wp-2\/category\/flexkom\/\" rel=\"tag\">FLexKom<\/a><span class=\"wp-block-post-terms__separator\">, <\/span><a href=\"https:\/\/sciphylab.de\/dev-wp-2\/category\/flexkom\/flexkom_modul\/\" rel=\"tag\">FLexKom_Modul<\/a><\/div>\n\n<div class=\"wp-block-post-excerpt\"><p class=\"wp-block-post-excerpt__excerpt\">Die Variablenkontrollstrategie mithilfe von Papierfliegern thematisiert.<\/p><p class=\"wp-block-post-excerpt__more-text\"><a class=\"wp-block-post-excerpt__more-link\" href=\"https:\/\/sciphylab.de\/dev-wp-2\/flieger-gut-alles-gut\/\">Weiterlesen&#8230;<\/a><\/p><\/div><\/div>\n<\/div>\n\n<\/li><li class=\"wp-block-post post-5646 post type-post status-publish format-standard has-post-thumbnail hentry category-flexkom category-flexkom_modul\">\n\n<div class=\"wp-block-columns is-layout-flex wp-container-core-columns-layout-4 wp-block-columns-is-layout-flex\">\n<div class=\"wp-block-column is-layout-flow wp-block-column-is-layout-flow\" style=\"flex-basis:40%\"><figure class=\"wp-block-post-featured-image\"><a href=\"https:\/\/sciphylab.de\/dev-wp-2\/sprungueberwachung\/\" target=\"_self\"  ><img loading=\"lazy\" decoding=\"async\" width=\"1508\" height=\"1125\" src=\"https:\/\/sciphylab.de\/dev-wp-2\/wp-content\/uploads\/slider40\/Sprungberwachung.png\" class=\"attachment-post-thumbnail size-post-thumbnail wp-post-image\" alt=\"Sprung\u00fcberwachung\" style=\"object-fit:cover;\" srcset=\"https:\/\/sciphylab.de\/dev-wp-2\/wp-content\/uploads\/slider40\/Sprungberwachung.png 1508w, https:\/\/sciphylab.de\/dev-wp-2\/wp-content\/uploads\/slider40\/Sprungberwachung-300x224.png 300w, https:\/\/sciphylab.de\/dev-wp-2\/wp-content\/uploads\/slider40\/Sprungberwachung-1024x764.png 1024w, https:\/\/sciphylab.de\/dev-wp-2\/wp-content\/uploads\/slider40\/Sprungberwachung-768x573.png 768w\" sizes=\"(max-width: 1508px) 100vw, 1508px\" \/><\/a><\/figure><\/div>\n\n\n\n<div class=\"wp-block-column is-vertically-aligned-center has-neve-text-color-color has-text-color is-layout-flow wp-block-column-is-layout-flow\"><h3 class=\"wp-block-post-title\"><a href=\"https:\/\/sciphylab.de\/dev-wp-2\/sprungueberwachung\/\" target=\"_self\" >Sprung\u00fcberwachung<\/a><\/h3>\n\n<div class=\"taxonomy-category has-text-align-left wp-block-post-terms\"><a href=\"https:\/\/sciphylab.de\/dev-wp-2\/category\/flexkom\/\" rel=\"tag\">FLexKom<\/a><span class=\"wp-block-post-terms__separator\">, <\/span><a href=\"https:\/\/sciphylab.de\/dev-wp-2\/category\/flexkom\/flexkom_modul\/\" rel=\"tag\">FLexKom_Modul<\/a><\/div>\n\n<div class=\"wp-block-post-excerpt\"><p class=\"wp-block-post-excerpt__excerpt\">Die Variablenkontrollstrategie wird anhand der Aufprallh\u00f6he von Tennisb\u00e4llen thematisiert.<\/p><p class=\"wp-block-post-excerpt__more-text\"><a class=\"wp-block-post-excerpt__more-link\" href=\"https:\/\/sciphylab.de\/dev-wp-2\/sprungueberwachung\/\">Weiterlesen&#8230;<\/a><\/p><\/div><\/div>\n<\/div>\n\n<\/li><li class=\"wp-block-post post-5643 post type-post status-publish format-standard has-post-thumbnail hentry category-flexkom category-flexkom_modul\">\n\n<div class=\"wp-block-columns is-layout-flex wp-container-core-columns-layout-5 wp-block-columns-is-layout-flex\">\n<div class=\"wp-block-column is-layout-flow wp-block-column-is-layout-flow\" style=\"flex-basis:40%\"><figure class=\"wp-block-post-featured-image\"><a href=\"https:\/\/sciphylab.de\/dev-wp-2\/zeitsprung\/\" target=\"_self\"  ><img loading=\"lazy\" decoding=\"async\" width=\"1510\" height=\"1125\" src=\"https:\/\/sciphylab.de\/dev-wp-2\/wp-content\/uploads\/slider39\/Zeitsprung.png\" class=\"attachment-post-thumbnail size-post-thumbnail wp-post-image\" alt=\"Zeitsprung\" style=\"object-fit:cover;\" srcset=\"https:\/\/sciphylab.de\/dev-wp-2\/wp-content\/uploads\/slider39\/Zeitsprung.png 1510w, https:\/\/sciphylab.de\/dev-wp-2\/wp-content\/uploads\/slider39\/Zeitsprung-300x224.png 300w, https:\/\/sciphylab.de\/dev-wp-2\/wp-content\/uploads\/slider39\/Zeitsprung-1024x763.png 1024w, https:\/\/sciphylab.de\/dev-wp-2\/wp-content\/uploads\/slider39\/Zeitsprung-768x572.png 768w\" sizes=\"(max-width: 1510px) 100vw, 1510px\" \/><\/a><\/figure><\/div>\n\n\n\n<div class=\"wp-block-column is-vertically-aligned-center has-neve-text-color-color has-text-color is-layout-flow wp-block-column-is-layout-flow\"><h3 class=\"wp-block-post-title\"><a href=\"https:\/\/sciphylab.de\/dev-wp-2\/zeitsprung\/\" target=\"_self\" >Zeitsprung<\/a><\/h3>\n\n<div class=\"taxonomy-category has-text-align-left wp-block-post-terms\"><a href=\"https:\/\/sciphylab.de\/dev-wp-2\/category\/flexkom\/\" rel=\"tag\">FLexKom<\/a><span class=\"wp-block-post-terms__separator\">, <\/span><a href=\"https:\/\/sciphylab.de\/dev-wp-2\/category\/flexkom\/flexkom_modul\/\" rel=\"tag\">FLexKom_Modul<\/a><\/div>\n\n<div class=\"wp-block-post-excerpt\"><p class=\"wp-block-post-excerpt__excerpt\">Die Variablenkontrollstrategie wird anhand der Aufprallh\u00f6he von Tennisb\u00e4llen thematisiert.<\/p><p class=\"wp-block-post-excerpt__more-text\"><a class=\"wp-block-post-excerpt__more-link\" href=\"https:\/\/sciphylab.de\/dev-wp-2\/zeitsprung\/\">Weiterlesen&#8230;<\/a><\/p><\/div><\/div>\n<\/div>\n\n<\/li><\/ul><\/div>\n\n\n\n<div style=\"height:20px\" aria-hidden=\"true\" class=\"wp-block-spacer\"><\/div>\n<\/div><\/div>\n<\/div><\/div>\n","protected":false},"excerpt":{"rendered":"<p>Ferienangebote Sommerferien 2025<\/p>\n","protected":false},"author":4,"featured_media":0,"parent":0,"menu_order":0,"comment_status":"closed","ping_status":"closed","template":"","meta":{"neve_meta_sidebar":"","neve_meta_container":"","neve_meta_enable_content_width":"on","neve_meta_content_width":100,"neve_meta_title_alignment":"","neve_meta_author_avatar":"","neve_post_elements_order":"","neve_meta_disable_header":"","neve_meta_disable_footer":"","neve_meta_disable_title":"on","footnotes":""},"_links":{"self":[{"href":"https:\/\/sciphylab.de\/dev-wp-2\/wp-json\/wp\/v2\/pages\/15"}],"collection":[{"href":"https:\/\/sciphylab.de\/dev-wp-2\/wp-json\/wp\/v2\/pages"}],"about":[{"href":"https:\/\/sciphylab.de\/dev-wp-2\/wp-json\/wp\/v2\/types\/page"}],"author":[{"embeddable":true,"href":"https:\/\/sciphylab.de\/dev-wp-2\/wp-json\/wp\/v2\/users\/4"}],"replies":[{"embeddable":true,"href":"https:\/\/sciphylab.de\/dev-wp-2\/wp-json\/wp\/v2\/comments?post=15"}],"version-history":[{"count":138,"href":"https:\/\/sciphylab.de\/dev-wp-2\/wp-json\/wp\/v2\/pages\/15\/revisions"}],"predecessor-version":[{"id":5417,"href":"https:\/\/sciphylab.de\/dev-wp-2\/wp-json\/wp\/v2\/pages\/15\/revisions\/5417"}],"wp:attachment":[{"href":"https:\/\/sciphylab.de\/dev-wp-2\/wp-json\/wp\/v2\/media?parent=15"}],"curies":[{"name":"wp","href":"https:\/\/api.w.org\/{rel}","templated":true}]}}